{"id":10,"date":"2023-06-02T20:47:37","date_gmt":"2023-06-02T18:47:37","guid":{"rendered":"https:\/\/kcf.se\/kampanj\/?page_id=10"},"modified":"2023-11-07T14:51:45","modified_gmt":"2023-11-07T13:51:45","slug":"vagen-till-jobb","status":"publish","type":"page","link":"https:\/\/www.kcf.se\/jobb\/vagen-till-jobb\/","title":{"rendered":"V\u00e4gen till jobb"},"content":{"rendered":"<div class=\"c-blockTextAndImage \" style=\"background-color: unset\">\n        <div class=\"container\">\n                            <h1 class=\"c-blockTextAndImage__title text-center\">3 steg till jobb inom k\u00f6tt- och charkbranschen<\/h1>\n                        <div class=\"c-blockTextAndImage__columns\">\n                                    <div class=\"row h-100 fade-block\">\n                        <div\n                            class=\"c-blockTextAndImage__textWrapper col-12 col-md-6 right\">\n                            <div class=\"c-blockTextAndImage__textWrapper--text\">\n                                                                    <h3>1. S\u00f6k jobb p\u00e5 ett f\u00f6retag<\/h3>\n<p>Allt b\u00f6rjar med att du aktivt s\u00f6ker dig till ett f\u00f6retag.<br \/>\n<a href=\"https:\/\/www.kcf.se\/jobb\/har-finns-jobben\/\"><strong>H\u00e4r hittar du en karta<\/strong><\/a> med alla f\u00f6retag inom branschen som ofta s\u00f6ker medarbetare \u2013\u00a0vilket g\u00f6r att du enkelt kan hitta arbetsplatsen som passar dig.<\/p>\n\n                                \n                                                            <\/div>\n                        <\/div>\n\n                                                                                    <div class=\"c-blockTextAndImage__image col-12 col-md-6\">\n                                    <img loading=\"lazy\" decoding=\"async\" width=\"1011\" height=\"1010\" src=\"https:\/\/www.kcf.se\/app\/uploads\/sites\/2\/2023\/11\/Skarmavbild-2023-11-07-kl.-14.45.57.png\" class=\"attachment-large size-large\" alt=\"Karta \u00f6ver alla lediga jobb inom k\u00f6tt- och charkbranschen i\" srcset=\"https:\/\/www.kcf.se\/app\/uploads\/sites\/2\/2023\/11\/Skarmavbild-2023-11-07-kl.-14.45.57.png 1011w, https:\/\/www.kcf.se\/app\/uploads\/sites\/2\/2023\/11\/Skarmavbild-2023-11-07-kl.-14.45.57-300x300.png 300w, https:\/\/www.kcf.se\/app\/uploads\/sites\/2\/2023\/11\/Skarmavbild-2023-11-07-kl.-14.45.57-150x150.png 150w, https:\/\/www.kcf.se\/app\/uploads\/sites\/2\/2023\/11\/Skarmavbild-2023-11-07-kl.-14.45.57-768x767.png 768w\" sizes=\"auto, (max-width: 1011px) 100vw, 1011px\" \/>\n                                <\/div>\n                                                                        <\/div>\n                                    <div class=\"row h-100 fade-block\">\n                        <div\n                            class=\"c-blockTextAndImage__textWrapper col-12 col-md-6 left\">\n                            <div class=\"c-blockTextAndImage__textWrapper--text\">\n                                                                    <h3>2. F\u00e5 praktisk utbildning p\u00e5 ett f\u00f6retag<\/h3>\n<p>Du beh\u00f6ver ingen tidigare erfarenhet av branschen, utbildning sker p\u00e5 f\u00f6retaget som ger dig kunskapen du beh\u00f6ver i din nya roll. Utbildningen sker ibland i form av praktik.<\/p>\n\n                                \n                                                            <\/div>\n                        <\/div>\n\n                                                                                    <div class=\"c-blockTextAndImage__image col-12 col-md-6\">\n                                    <img loading=\"lazy\" decoding=\"async\" width=\"1000\" height=\"1000\" src=\"https:\/\/www.kcf.se\/app\/uploads\/sites\/2\/2023\/07\/Vagen-till-jobb_2.jpg\" class=\"attachment-large size-large\" alt=\"\" srcset=\"https:\/\/www.kcf.se\/app\/uploads\/sites\/2\/2023\/07\/Vagen-till-jobb_2.jpg 1000w, https:\/\/www.kcf.se\/app\/uploads\/sites\/2\/2023\/07\/Vagen-till-jobb_2-300x300.jpg 300w, https:\/\/www.kcf.se\/app\/uploads\/sites\/2\/2023\/07\/Vagen-till-jobb_2-150x150.jpg 150w, https:\/\/www.kcf.se\/app\/uploads\/sites\/2\/2023\/07\/Vagen-till-jobb_2-768x768.jpg 768w\" sizes=\"auto, (max-width: 1000px) 100vw, 1000px\" \/>\n                                <\/div>\n                                                                        <\/div>\n                                    <div class=\"row h-100 fade-block\">\n                        <div\n                            class=\"c-blockTextAndImage__textWrapper col-12 col-md-6 right\">\n                            <div class=\"c-blockTextAndImage__textWrapper--text\">\n                                                                    <h3>3. F\u00f6retaget anst\u00e4ller dig<\/h3>\n<p>Om du och f\u00f6retaget fungerar bra ihop blir du erbjuden jobb.<\/p>\n\n                                \n                                                            <\/div>\n                        <\/div>\n\n                                                                                    <div class=\"c-blockTextAndImage__image col-12 col-md-6\">\n                                    <img loading=\"lazy\" decoding=\"async\" width=\"1024\" height=\"498\" src=\"https:\/\/www.kcf.se\/app\/uploads\/sites\/2\/2023\/06\/4-skal-att-jobba-med-oss_618-x-618-pxl-1-1024x498.jpg\" class=\"attachment-large size-large\" alt=\"Bild p\u00e5 tv\u00e5 arbetare som jobbar med att paketera k\u00f6tt.\" srcset=\"https:\/\/www.kcf.se\/app\/uploads\/sites\/2\/2023\/06\/4-skal-att-jobba-med-oss_618-x-618-pxl-1-1024x498.jpg 1024w, https:\/\/www.kcf.se\/app\/uploads\/sites\/2\/2023\/06\/4-skal-att-jobba-med-oss_618-x-618-pxl-1-300x146.jpg 300w, https:\/\/www.kcf.se\/app\/uploads\/sites\/2\/2023\/06\/4-skal-att-jobba-med-oss_618-x-618-pxl-1-768x373.jpg 768w, https:\/\/www.kcf.se\/app\/uploads\/sites\/2\/2023\/06\/4-skal-att-jobba-med-oss_618-x-618-pxl-1.jpg 1440w\" sizes=\"auto, (max-width: 1024px) 100vw, 1024px\" \/>\n                                <\/div>\n                                                                        <\/div>\n                            <\/div>\n        <\/div>\n    <\/div>\n\n\n<div class=\"block-core-heading container\"><div class=\"row justify-content-md-center\"><div class=\"col-12 col-md-8\">\n<h2 class=\"wp-block-heading has-text-align-center\">4 sk\u00e4l att jobba med oss<\/h2>\n<\/div><\/div><\/div>\n\n<div class=\"c-columns container-fluid fade-block\">\n    <div class=\"row h-100 justify-content-md-center\">\n        <div class=\"col-md-6 col-12\">\n            <div class=\"row\">\n                <div class=\"c-columns__column col-lg-6\">\n                    <h3>1. Bra l\u00f6n<\/h3>\n<p>S\u00f6ker du ekonomisk stabilitet och trygghet? Inom k\u00f6tt- och charkbranschen har du m\u00f6jlighet att f\u00e5 en bra l\u00f6n redan fr\u00e5n start. L\u00f6nen kan vara en viktig del i hur du som anst\u00e4lld upplever arbetet.<\/p>\n\n                <\/div>\n                <div class=\"c-columns__column col-lg-6\">\n                    <h3>2. F\u00e5 jobb snabbt<\/h3>\n<p>Du beh\u00f6ver ingen tidigare utbildning och har chansen att snabbt f\u00e5 l\u00e4ra dig ett nytt jobb. P\u00e5 f\u00f6retaget f\u00e5r du en utbildning som \u00e4r skr\u00e4ddarsydd f\u00f6r just dig. F\u00f6retag inom k\u00f6tt- och charkbranschen \u00e4r vana att anst\u00e4lla m\u00e4nniskor som precis har b\u00f6rjat l\u00e4ra sig det svenska spr\u00e5ket.<\/p>\n\n                <\/div>\n            <\/div>\n        <\/div>\n    <\/div>\n<\/div>\n\n\n<div class=\"c-columns container-fluid fade-block\">\n    <div class=\"row h-100 justify-content-md-center\">\n        <div class=\"col-md-6 col-12\">\n            <div class=\"row\">\n                <div class=\"c-columns__column col-lg-6\">\n                    <h3>3. Utvecklings<br \/>\n-m\u00f6jligheter<\/h3>\n<p>Du har stor chans att v\u00e4xa i din roll och inom branschen! Genom branschens digitala utbildningsplattform <em>K\u00f6tt &amp; Charkakademin <\/em>kan du som medarbetare utbildas och utvecklas f\u00f6r att bli redo f\u00f6r nya roller.<\/p>\n\n                <\/div>\n                <div class=\"c-columns__column col-lg-6\">\n                    <h3>4. Meningsfullt arbete<\/h3>\n<p>H\u00e4r f\u00e5r du arbeta med god och bra mat samtidigt som du bidrar till h\u00e5llbar utveckling, varje dag. Du beh\u00f6vs!<\/p>\n<p>&nbsp;<\/p>\n<p>&nbsp;<\/p>\n\n                <\/div>\n            <\/div>\n        <\/div>\n    <\/div>\n<\/div>\n\n\n<div class=\"c-image-video-area \">\n\n            <div class=\"c-image-video-area__image-wrapper\">\n            <img loading=\"lazy\" decoding=\"async\" width=\"2400\" height=\"1600\" src=\"https:\/\/www.kcf.se\/app\/uploads\/sites\/2\/2023\/06\/skull-kat-M7fi58_dF5k-unsplash-1.jpg\" class=\"attachment-full size-full\" alt=\"\" srcset=\"https:\/\/www.kcf.se\/app\/uploads\/sites\/2\/2023\/06\/skull-kat-M7fi58_dF5k-unsplash-1.jpg 2400w, https:\/\/www.kcf.se\/app\/uploads\/sites\/2\/2023\/06\/skull-kat-M7fi58_dF5k-unsplash-1-300x200.jpg 300w, https:\/\/www.kcf.se\/app\/uploads\/sites\/2\/2023\/06\/skull-kat-M7fi58_dF5k-unsplash-1-1024x683.jpg 1024w, https:\/\/www.kcf.se\/app\/uploads\/sites\/2\/2023\/06\/skull-kat-M7fi58_dF5k-unsplash-1-768x512.jpg 768w, https:\/\/www.kcf.se\/app\/uploads\/sites\/2\/2023\/06\/skull-kat-M7fi58_dF5k-unsplash-1-1536x1024.jpg 1536w, https:\/\/www.kcf.se\/app\/uploads\/sites\/2\/2023\/06\/skull-kat-M7fi58_dF5k-unsplash-1-2048x1365.jpg 2048w\" sizes=\"auto, (max-width: 2400px) 100vw, 2400px\" \/>\n        <\/div>\n    \n    \n<\/div>\n\n\n<div class=\"block-core-heading container\"><div class=\"row justify-content-md-center\"><div class=\"col-12 col-md-8\">\n<h2 class=\"wp-block-heading has-text-align-center\">Om branschen<\/h2>\n<\/div><\/div><\/div>\n\n<div class=\"block-core-paragraph container\"><div class=\"row justify-content-md-center\"><div class=\"col-12 col-md-8\">\n<p class=\"has-text-align-center\">K\u00f6tt- och Charkf\u00f6retagens medlemmar \u00e4r med och skapar matgl\u00e4dje i hela landet \u2013 fr\u00e5n norr till s\u00f6der. Vi representerar en bransch med f\u00f6retag som oms\u00e4tter n\u00e4stan 30 miljarder kronor och syssels\u00e4tter ca 10 000 personer. I branschen finns b\u00e5de stora koncerner och mindre familje\u00e4gda f\u00f6retag. H\u00e4r kan du jobba inom till exempel slakt, styckning, eller charkuteri d\u00e4r k\u00f6ttet blir till bland annat korv, hamburgare och f\u00e4rdigmat. Branschens uppdrag \u00e4r att f\u00f6rse konsumenterna med god och n\u00e4ringsriktig mat. Vi \u00e4r en bransch som \u00e4r viktig f\u00f6r Sverige och som ger dig som anst\u00e4lld ett meningsfullt jobb.<\/p>\n<\/div><\/div><\/div>\n\n<div class=\"c-buttons\" style=\"background-color: unset\">\n    <div class=\"container\">\n        <div class=\"row justify-content-md-center\">\n            <div class=\"button-container col-12 col-md-8\">\n                                                                                        <a href=\"https:\/\/www.kcf.se\/jobb\/har-finns-jobben\/\" target=\"\"\n                                class=\"theme-btn\">H\u00e4r finns jobben<\/a>\n                                                                                                <a href=\"https:\/\/www.kcf.se\/jobb\/kollegorna\/\" target=\"\"\n                                class=\"theme-btn\">M\u00f6t kollegorna<\/a>\n                                                                        <\/div>\n        <\/div>\n    <\/div>\n<\/div>\n","protected":false},"excerpt":{"rendered":"<p>4 sk\u00e4l att jobba med oss Om branschen K\u00f6tt- och Charkf\u00f6retagens medlemmar \u00e4r med och skapar matgl\u00e4dje i hela landet \u2013 fr\u00e5n norr till s\u00f6der. Vi representerar en bransch med f\u00f6retag som oms\u00e4tter n\u00e4stan 30 miljarder kronor och syssels\u00e4tter ca 10 000 personer. I branschen finns b\u00e5de stora koncerner och mindre familje\u00e4gda f\u00f6retag. H\u00e4r kan &hellip; <a href=\"https:\/\/www.kcf.se\/jobb\/vagen-till-jobb\/\">Continued<\/a><\/p>\n","protected":false},"author":8,"featured_media":0,"parent":0,"menu_order":0,"comment_status":"closed","ping_status":"closed","template":"","meta":{"_acf_changed":false,"inline_featured_image":false,"footnotes":""},"class_list":["post-10","page","type-page","status-publish","hentry"],"acf":[],"yoast_head":"<!-- This site is optimized with the Yoast SEO plugin v24.1 - https:\/\/yoast.com\/wordpress\/plugins\/seo\/ -->\n<title>V\u00e4gen till jobb - KCF - Jobba i v\u00e5r branch<\/title>\n<meta name=\"description\" content=\"Du s\u00f6ker dig till ett f\u00f6retag som sedan utbildar dig \u2013 funkar ni bra ihop erbjuder de en anst\u00e4llning. Ingen tidigare branscherfarenhet beh\u00f6vs.\" \/>\n<meta name=\"robots\" content=\"index, follow, max-snippet:-1, max-image-preview:large, max-video-preview:-1\" \/>\n<link rel=\"canonical\" href=\"https:\/\/kcf.se\/jobb\/vagen-till-jobb\/\" \/>\n<meta property=\"og:locale\" content=\"sv_SE\" \/>\n<meta property=\"og:type\" content=\"article\" \/>\n<meta property=\"og:title\" content=\"V\u00e4gen till jobb - KCF - Jobba i v\u00e5r branch\" \/>\n<meta property=\"og:description\" content=\"Du s\u00f6ker dig till ett f\u00f6retag som sedan utbildar dig \u2013 funkar ni bra ihop erbjuder de en anst\u00e4llning. Ingen tidigare branscherfarenhet beh\u00f6vs.\" \/>\n<meta property=\"og:url\" content=\"https:\/\/kcf.se\/jobb\/vagen-till-jobb\/\" \/>\n<meta property=\"og:site_name\" content=\"KCF - Jobba i v\u00e5r branch\" \/>\n<meta property=\"article:modified_time\" content=\"2023-11-07T13:51:45+00:00\" \/>\n<meta name=\"twitter:card\" content=\"summary_large_image\" \/>\n<meta name=\"twitter:label1\" content=\"Ber\u00e4knad l\u00e4stid\" \/>\n\t<meta name=\"twitter:data1\" content=\"1 minut\" \/>\n<script type=\"application\/ld+json\" class=\"yoast-schema-graph\">{\"@context\":\"https:\/\/schema.org\",\"@graph\":[{\"@type\":\"WebPage\",\"@id\":\"https:\/\/kcf.se\/jobb\/vagen-till-jobb\/\",\"url\":\"https:\/\/kcf.se\/jobb\/vagen-till-jobb\/\",\"name\":\"V\u00e4gen till jobb - KCF - Jobba i v\u00e5r branch\",\"isPartOf\":{\"@id\":\"https:\/\/kcf.se\/jobb\/#website\"},\"datePublished\":\"2023-06-02T18:47:37+00:00\",\"dateModified\":\"2023-11-07T13:51:45+00:00\",\"description\":\"Du s\u00f6ker dig till ett f\u00f6retag som sedan utbildar dig \u2013 funkar ni bra ihop erbjuder de en anst\u00e4llning. Ingen tidigare branscherfarenhet beh\u00f6vs.\",\"breadcrumb\":{\"@id\":\"https:\/\/kcf.se\/jobb\/vagen-till-jobb\/#breadcrumb\"},\"inLanguage\":\"sv-SE\",\"potentialAction\":[{\"@type\":\"ReadAction\",\"target\":[\"https:\/\/kcf.se\/jobb\/vagen-till-jobb\/\"]}]},{\"@type\":\"BreadcrumbList\",\"@id\":\"https:\/\/kcf.se\/jobb\/vagen-till-jobb\/#breadcrumb\",\"itemListElement\":[{\"@type\":\"ListItem\",\"position\":1,\"name\":\"Hem\",\"item\":\"https:\/\/kcf.se\/jobb\/\"},{\"@type\":\"ListItem\",\"position\":2,\"name\":\"V\u00e4gen till jobb\"}]},{\"@type\":\"WebSite\",\"@id\":\"https:\/\/kcf.se\/jobb\/#website\",\"url\":\"https:\/\/kcf.se\/jobb\/\",\"name\":\"KCF - Jobba i v\u00e5r branch\",\"description\":\"\",\"potentialAction\":[{\"@type\":\"SearchAction\",\"target\":{\"@type\":\"EntryPoint\",\"urlTemplate\":\"https:\/\/kcf.se\/jobb\/?s={search_term_string}\"},\"query-input\":{\"@type\":\"PropertyValueSpecification\",\"valueRequired\":true,\"valueName\":\"search_term_string\"}}],\"inLanguage\":\"sv-SE\"}]}<\/script>\n<!-- \/ Yoast SEO plugin. -->","yoast_head_json":{"title":"V\u00e4gen till jobb - KCF - Jobba i v\u00e5r branch","description":"Du s\u00f6ker dig till ett f\u00f6retag som sedan utbildar dig \u2013 funkar ni bra ihop erbjuder de en anst\u00e4llning. Ingen tidigare branscherfarenhet beh\u00f6vs.","robots":{"index":"index","follow":"follow","max-snippet":"max-snippet:-1","max-image-preview":"max-image-preview:large","max-video-preview":"max-video-preview:-1"},"canonical":"https:\/\/kcf.se\/jobb\/vagen-till-jobb\/","og_locale":"sv_SE","og_type":"article","og_title":"V\u00e4gen till jobb - KCF - Jobba i v\u00e5r branch","og_description":"Du s\u00f6ker dig till ett f\u00f6retag som sedan utbildar dig \u2013 funkar ni bra ihop erbjuder de en anst\u00e4llning. Ingen tidigare branscherfarenhet beh\u00f6vs.","og_url":"https:\/\/kcf.se\/jobb\/vagen-till-jobb\/","og_site_name":"KCF - Jobba i v\u00e5r branch","article_modified_time":"2023-11-07T13:51:45+00:00","twitter_card":"summary_large_image","twitter_misc":{"Ber\u00e4knad l\u00e4stid":"1 minut"},"schema":{"@context":"https:\/\/schema.org","@graph":[{"@type":"WebPage","@id":"https:\/\/kcf.se\/jobb\/vagen-till-jobb\/","url":"https:\/\/kcf.se\/jobb\/vagen-till-jobb\/","name":"V\u00e4gen till jobb - KCF - Jobba i v\u00e5r branch","isPartOf":{"@id":"https:\/\/kcf.se\/jobb\/#website"},"datePublished":"2023-06-02T18:47:37+00:00","dateModified":"2023-11-07T13:51:45+00:00","description":"Du s\u00f6ker dig till ett f\u00f6retag som sedan utbildar dig \u2013 funkar ni bra ihop erbjuder de en anst\u00e4llning. Ingen tidigare branscherfarenhet beh\u00f6vs.","breadcrumb":{"@id":"https:\/\/kcf.se\/jobb\/vagen-till-jobb\/#breadcrumb"},"inLanguage":"sv-SE","potentialAction":[{"@type":"ReadAction","target":["https:\/\/kcf.se\/jobb\/vagen-till-jobb\/"]}]},{"@type":"BreadcrumbList","@id":"https:\/\/kcf.se\/jobb\/vagen-till-jobb\/#breadcrumb","itemListElement":[{"@type":"ListItem","position":1,"name":"Hem","item":"https:\/\/kcf.se\/jobb\/"},{"@type":"ListItem","position":2,"name":"V\u00e4gen till jobb"}]},{"@type":"WebSite","@id":"https:\/\/kcf.se\/jobb\/#website","url":"https:\/\/kcf.se\/jobb\/","name":"KCF - Jobba i v\u00e5r branch","description":"","potentialAction":[{"@type":"SearchAction","target":{"@type":"EntryPoint","urlTemplate":"https:\/\/kcf.se\/jobb\/?s={search_term_string}"},"query-input":{"@type":"PropertyValueSpecification","valueRequired":true,"valueName":"search_term_string"}}],"inLanguage":"sv-SE"}]}},"_links":{"self":[{"href":"https:\/\/www.kcf.se\/jobb\/wp-json\/wp\/v2\/pages\/10","targetHints":{"allow":["GET"]}}],"collection":[{"href":"https:\/\/www.kcf.se\/jobb\/wp-json\/wp\/v2\/pages"}],"about":[{"href":"https:\/\/www.kcf.se\/jobb\/wp-json\/wp\/v2\/types\/page"}],"author":[{"embeddable":true,"href":"https:\/\/www.kcf.se\/jobb\/wp-json\/wp\/v2\/users\/8"}],"replies":[{"embeddable":true,"href":"https:\/\/www.kcf.se\/jobb\/wp-json\/wp\/v2\/comments?post=10"}],"version-history":[{"count":150,"href":"https:\/\/www.kcf.se\/jobb\/wp-json\/wp\/v2\/pages\/10\/revisions"}],"predecessor-version":[{"id":1067,"href":"https:\/\/www.kcf.se\/jobb\/wp-json\/wp\/v2\/pages\/10\/revisions\/1067"}],"wp:attachment":[{"href":"https:\/\/www.kcf.se\/jobb\/wp-json\/wp\/v2\/media?parent=10"}],"curies":[{"name":"wp","href":"https:\/\/api.w.org\/{rel}","templated":true}]}}