{"id":578,"date":"2023-06-02T20:48:10","date_gmt":"2023-06-02T18:48:10","guid":{"rendered":"https:\/\/www.kcf.se\/jobb\/kollegorna\/"},"modified":"2023-08-28T14:37:48","modified_gmt":"2023-08-28T12:37:48","slug":"kollegorna","status":"publish","type":"page","link":"https:\/\/www.kcf.se\/jobb\/kollegorna\/?lang=ar","title":{"rendered":"\u0632\u0645\u0644\u0627\u0626\u0643"},"content":{"rendered":"<div class=\"block-core-heading container\"><div class=\"row justify-content-md-center\"><div class=\"col-12 col-md-8\">\n<h1 class=\"wp-block-heading has-text-align-center\">\u0627\u0646\u0636\u0645 \u0625\u0644\u064a\u0646\u0627<\/h1>\n<\/div><\/div><\/div>\n\n<div class=\"block-core-paragraph container\"><div class=\"row justify-content-md-center\"><div class=\"col-12 col-md-8\">\n<p class=\"has-text-align-center\"><\/p>\n<\/div><\/div><\/div>\n\n<div class=\"c-blockVideo container-fluid \">\n    <div class=\"row justify-content-md-center\">\n        <div class=\"video-area col-12 col-md-8\">\n                            <div class=\"overlay\" style=\"background-image: url(https:\/\/www.kcf.se\/app\/uploads\/sites\/2\/2023\/06\/Ayub_Stillbild_1050-x-443-pxl.jpg)\">\n                    <div class=\"video-content\">\n                        <h2>\u062a\u0639\u0631\u0641 \u0639\u0644\u0649 \u0623\u064a\u0648\u0628<\/h2>\n                        <button class=\"play-btn \"><img decoding=\"async\" src=\"https:\/\/www.kcf.se\/app\/themes\/kampanj\/dist\/images\/icon_play.svg?id=45472b60aaede96839ee89e6702f5014\"\n                                alt=\"Play icon\"><\/button>\n                    <\/div>\n                <\/div>\n            \n            <div class=\"embed-container\">\n                <iframe loading=\"lazy\" title=\"KCF \u2013 Ayub Mousa (ar)\" width=\"640\" height=\"360\" src=\"https:\/\/www.youtube.com\/embed\/_YwAVGpcVbI?feature=oembed&#038;cc_load_policy=1&#038;rel=0\" frameborder=\"0\" allow=\"accelerometer; autoplay; clipboard-write; encrypted-media; gyroscope; picture-in-picture; web-share\" referrerpolicy=\"strict-origin-when-cross-origin\" allowfullscreen><\/iframe>\n            <\/div>\n        <\/div>\n    <\/div>\n            <div class=\"row justify-content-md-center\">\n            <div class=\"video-area__textarea col-12 col-md-6\">\n                <h3 class=\"wp-block-heading has-text-align-center\">\u0623\u064a\u0648\u0628 \u0645\u0648\u0633\u0649<\/h3>\n<h4 class=\"wp-block-heading has-text-align-center\">\u0642\u0635\u0651\u0627\u0628 \u0641\u064a KLS<\/h4>\n<p>&nbsp;<\/p>\n<p><strong>\u0647\u0644 \u0643\u0646\u062a \u062a\u062a\u062d\u062f\u062b \u0627\u0644\u0633\u0648\u064a\u062f\u064a\u0629 \u0628\u0637\u0644\u0627\u0642\u0629 \u0639\u0646\u062f\u0645\u0627 \u0628\u062f\u0623\u062a \u0627\u0644\u0639\u0645\u0644 \u0641\u064a KLS\u061f<br \/>\n<\/strong>\u2013 \u0643\u0644\u0627\u060c \u0644\u0645 \u0623\u0643\u0646 \u0623\u062a\u062d\u062f\u062b \u0627\u0644\u0633\u0648\u064a\u062f\u064a\u0629. \u0639\u0646\u062f\u0645\u0627 \u062c\u0626\u062a \u0625\u0644\u0649 \u0627\u0644\u0633\u0648\u064a\u062f\u060c \u0630\u0647\u0628\u062a \u0625\u0644\u0649 \u0645\u062f\u0631\u0633\u0629 \u062a\u0639\u0644\u0645 \u0627\u0644\u0644\u063a\u0629 \u0627\u0644\u0633\u0648\u064a\u062f\u064a\u0629 \u0644\u0644\u0645\u0647\u0627\u062c\u0631\u064a\u0646 (SFI) \u064a\u0648\u0645\u0627\u064b \u0648\u0627\u062d\u062f\u0627\u064b \u0641\u064a \u0627\u0644\u0623\u0633\u0628\u0648\u0639\u060c \u0648\u0644\u0643\u0646\u0646\u064a \u062a\u0639\u0644\u0645\u062a \u0627\u0644\u0644\u063a\u0629 \u0627\u0644\u0633\u0648\u064a\u062f\u064a\u0629 \u0625\u062c\u0645\u0627\u0644\u0627\u064b \u0645\u0646 \u062e\u0644\u0627\u0644 \u0627\u0644\u0639\u0645\u0644.<\/p>\n<p><strong>\u0645\u0627 \u0647\u0648 \u0623\u0641\u0636\u0644 \u0634\u064a\u0621 \u0641\u064a \u0639\u0645\u0644\u0643\u061f<br \/>\n<\/strong>\u2013 \u0623\u0646\u0646\u064a \u0623\u062a\u0637\u0648\u0631 \u0648\u0623\u062a\u0639\u0644\u0645 \u0623\u0634\u064a\u0627\u0621 \u062c\u062f\u064a\u062f\u0629 \u0637\u0648\u0627\u0644 \u0627\u0644\u0648\u0642\u062a. \u0625\u0630\u0627 \u0643\u0627\u0646\u062a \u0644\u062f\u064a\u0643 \u0627\u0644\u0625\u0631\u0627\u062f\u0629\u060c \u0641\u0647\u0646\u0627\u0643 \u0641\u0631\u0635 \u0643\u0628\u064a\u0631\u0629 \u0644\u0644\u0627\u0631\u062a\u0642\u0627\u0621 \u0636\u0645\u0646 \u0627\u0644\u0634\u0631\u0643\u0629. \u062d\u0644\u0645\u064a \u0623\u0646 \u0623\u0635\u0628\u062d \u0645\u062f\u064a\u0631\u0627\u064b \u0641\u064a \u0627\u0644\u0645\u0633\u062a\u0642\u0628\u0644!<\/p>\n<p><strong>\u0643\u064a\u0641 \u062f\u062e\u0644\u062a \u0647\u0630\u0647 \u0627\u0644\u0635\u0646\u0627\u0639\u0629\u061f<br \/>\n<\/strong>\u2013 \u0644\u0637\u0627\u0644\u0645\u0627 \u0643\u0627\u0646 \u0644\u062f\u064a \u0627\u0647\u062a\u0645\u0627\u0645 \u0643\u0628\u064a\u0631 \u0628\u0627\u0644\u0637\u0639\u0627\u0645 \u0648\u0643\u0646\u062a \u0623\u0634\u0639\u0631 \u0628\u0627\u0644\u0641\u0636\u0648\u0644 \u0628\u0634\u0623\u0646 \u0647\u0630\u0647 \u0627\u0644\u0635\u0646\u0627\u0639\u0629\u060c \u0644\u0630\u0644\u0643 \u062a\u0642\u062f\u0645\u062a \u0628\u0637\u0644\u0628 \u0644\u0644\u062d\u0635\u0648\u0644 \u0639\u0644\u0649 \u0648\u0638\u064a\u0641\u0629 \u0643\u0645\u062a\u062f\u0631\u0628 \u0641\u064a KLS \u0641\u064a \u0623\u0648\u063a\u0644\u0627\u0631\u0628 \u0648\u062e\u0636\u062a \u062f\u0648\u0631\u0629 \u062a\u062f\u0631\u064a\u0628\u064a\u0629 \u0644\u0645\u062f\u0629 \u062e\u0645\u0633\u0629 \u0623\u0634\u0647\u0631.<\/p>\n<p>&nbsp;<\/p>\n\n            <\/div>\n        <\/div>\n    <\/div>\n\n\n<div class=\"c-blockVideo container-fluid \">\n    <div class=\"row justify-content-md-center\">\n        <div class=\"video-area col-12 col-md-8\">\n                            <div class=\"overlay\" style=\"background-image: url(https:\/\/www.kcf.se\/app\/uploads\/sites\/2\/2023\/06\/Chonlada_Stillbild_1050-x-443-pxl.jpg)\">\n                    <div class=\"video-content\">\n                        <h2>\u062a\u0639\u0631\u0641 \u0639\u0644\u0649 \u0634\u0648\u0646\u0644\u0627\u062f\u0627<\/h2>\n                        <button class=\"play-btn \"><img decoding=\"async\" src=\"https:\/\/www.kcf.se\/app\/themes\/kampanj\/dist\/images\/icon_play.svg?id=45472b60aaede96839ee89e6702f5014\"\n                                alt=\"Play icon\"><\/button>\n                    <\/div>\n                <\/div>\n            \n            <div class=\"embed-container\">\n                <iframe loading=\"lazy\" title=\"KCF \u2013 Chonlada Thongphot (ar)\" width=\"640\" height=\"360\" src=\"https:\/\/www.youtube.com\/embed\/hRyeJBBGsjk?feature=oembed&#038;cc_load_policy=1&#038;rel=0\" frameborder=\"0\" allow=\"accelerometer; autoplay; clipboard-write; encrypted-media; gyroscope; picture-in-picture; web-share\" referrerpolicy=\"strict-origin-when-cross-origin\" allowfullscreen><\/iframe>\n            <\/div>\n        <\/div>\n    <\/div>\n            <div class=\"row justify-content-md-center\">\n            <div class=\"video-area__textarea col-12 col-md-6\">\n                <h3 style=\"text-align: center\"><strong>\u0634\u0648\u0646\u0644\u0627\u062f\u0627 \u062a\u0648\u0646\u063a\u0641\u0648\u062a \u0632\u0627\u0646\u062f\u064a\u0631<\/strong><\/h3>\n<h4 style=\"text-align: center\">\u0639\u0627\u0645\u0644\u0629 \u063a\u0633\u064a\u0644 \u0645\u0644\u0627\u0628\u0633 \u0641\u064a \u063a\u0648\u062f\u0631\u0648\u0646\u0633<\/h4>\n<p>&nbsp;<\/p>\n<p><strong>\u0643\u064a\u0641 \u062d\u0635\u0644\u062a\u0650 \u0639\u0644\u0649 \u0627\u0644\u0648\u0638\u064a\u0641\u0629 \u0641\u064a \u063a\u0648\u062f\u0631\u0648\u0646\u0633\u061f<br \/>\n<\/strong>\u2013 \u0646\u0635\u062d\u0646\u064a \u0623\u062d\u062f \u0627\u0644\u0623\u0635\u062f\u0642\u0627\u0621 \u0628\u0623\u0646\u0647\u0645 \u0628\u062d\u0627\u062c\u0629 \u0625\u0644\u0649 \u0634\u062e\u0635 \u064a\u0645\u0643\u0646\u0647 \u0627\u0644\u0627\u0639\u062a\u0646\u0627\u0621 \u0628\u0645\u0644\u0627\u0628\u0633 \u0627\u0644\u0639\u0645\u0644 \u0648\u063a\u0633\u0644\u0647\u0627. \u062b\u0645 \u0627\u062a\u0635\u0644\u062a \u0628\u063a\u0648\u062f\u0631\u0648\u0646\u0633 \u0648\u0623\u0631\u0633\u0644\u062a \u0637\u0644\u0628\u064b\u0627. \u0623\u0646\u0627 \u0623\u0639\u0645\u0644 \u0647\u0646\u0627 \u0645\u0646\u0630 \u0639\u0627\u0645 2016.<\/p>\n<p><strong>\u0647\u0644 \u062a\u0644\u0642\u064a\u062a\u0650 \u062a\u062f\u0631\u064a\u0628\u064b\u0627 \u0641\u064a \u0645\u0643\u0627\u0646 \u0627\u0644\u0639\u0645\u0644\u061f<br \/>\n<\/strong>\u2013 \u0646\u0639\u0645\u060c \u062d\u0635\u0644\u062a \u0639\u0644\u0649 \u0631\u062e\u0635\u0629 \u0642\u064a\u0627\u062f\u0629 \u0631\u0627\u0641\u0639\u0629 \u0634\u0648\u0643\u064a\u0629. \u0644\u0642\u062f \u0643\u0627\u0646 \u062a\u062f\u0631\u064a\u0628\u064b\u0627 \u0644\u0645\u062f\u0629 \u064a\u0648\u0645\u064a\u0646 \u064a\u062a\u0636\u0645\u0646 \u0643\u0644\u0627\u064b \u0645\u0646 \u0627\u0644\u0642\u0633\u0645 \u0627\u0644\u0646\u0638\u0631\u064a \u0648\u0627\u0644\u0642\u064a\u0627\u062f\u0629. \u0644\u0642\u062f \u0633\u0627\u0631 \u0627\u0644\u0623\u0645\u0631 \u0628\u0634\u0643\u0644 \u0631\u0627\u0626\u0639 \u0648\u0643\u0627\u0646 \u0645\u0645\u062a\u0639\u0627\u064b!<\/p>\n<p><strong>\u0623\u0647\u0645 \u0627\u0644\u062e\u0635\u0627\u0644 \u0644\u0644\u0639\u0645\u0644 \u0641\u064a \u0635\u0646\u0627\u0639\u0629 \u0627\u0644\u0644\u062d\u0648\u0645 \u0648\u0645\u0646\u062a\u062c\u0627\u062a\u0647\u0627\u061f<br \/>\n<\/strong>\u2013 \u0623\u0646 \u062a\u0643\u0648\u0646 \u062d\u0630\u0631\u064b\u0627 \u0648\u0645\u0644\u062a\u0632\u0645\u064b\u0627. \u0625\u0630\u0627 \u0643\u0627\u0646 \u0647\u0646\u0627\u0643 \u0634\u064a\u0621 \u0644\u0627 \u062a\u0639\u0631\u0641\u0647 \u0623\u0648 \u062a\u0641\u0647\u0645\u0647\u060c \u0641\u0645\u0646 \u0627\u0644\u0645\u0647\u0645 \u0623\u0646 \u062a\u062c\u0631\u0624 \u0639\u0644\u0649 \u0627\u0644\u0633\u0624\u0627\u0644 \u0648\u0633\u064a\u0646\u062c\u062d \u0627\u0644\u0623\u0645\u0631 \u062f\u0627\u0626\u0645\u0627\u064b!<\/p>\n<p>&nbsp;<\/p>\n\n            <\/div>\n        <\/div>\n    <\/div>\n\n\n<div class=\"c-blockVideo container-fluid \">\n    <div class=\"row justify-content-md-center\">\n        <div class=\"video-area col-12 col-md-8\">\n                            <div class=\"overlay\" style=\"background-image: url(https:\/\/www.kcf.se\/app\/uploads\/sites\/2\/2023\/07\/peter_videothumbnail.jpg)\">\n                    <div class=\"video-content\">\n                        <h2>\u0642\u0627\u0628\u0644 \u0628\u064a\u062a\u0631<\/h2>\n                        <button class=\"play-btn \"><img decoding=\"async\" src=\"https:\/\/www.kcf.se\/app\/themes\/kampanj\/dist\/images\/icon_play.svg?id=45472b60aaede96839ee89e6702f5014\"\n                                alt=\"Play icon\"><\/button>\n                    <\/div>\n                <\/div>\n            \n            <div class=\"embed-container\">\n                <iframe loading=\"lazy\" title=\"KCF \u2013 Peter Beniyamin (ar)\" width=\"640\" height=\"360\" src=\"https:\/\/www.youtube.com\/embed\/mEFKcwPRWSg?feature=oembed&#038;cc_load_policy=1&#038;rel=0\" frameborder=\"0\" allow=\"accelerometer; autoplay; clipboard-write; encrypted-media; gyroscope; picture-in-picture; web-share\" referrerpolicy=\"strict-origin-when-cross-origin\" allowfullscreen><\/iframe>\n            <\/div>\n        <\/div>\n    <\/div>\n            <div class=\"row justify-content-md-center\">\n            <div class=\"video-area__textarea col-12 col-md-6\">\n                <h3 style=\"text-align: center\">\u0628\u064a\u062a\u0631 \u0628\u0646\u064a\u0627\u0645\u064a\u0646:<\/h3>\n<h4 style=\"text-align: center\">\u0645\u062f\u064a\u0631 \u0627\u0644\u0625\u0646\u062a\u0627\u062c \u0641\u064a \u0647\u064a\u0644\u062a\u0648\u0646 \u0641\u0648\u062f\u0633<\/h4>\n<p>&nbsp;<\/p>\n<p><strong>\u0645\u0627 \u0647\u0648 \u062f\u0648\u0631\u0643 \u0641\u064a \u0647\u064a\u0644\u062a\u0648\u0646 \u0641\u0648\u062f\u0633\u061f<\/strong><br \/>\n\u2013 \u0623\u0639\u0645\u0644 \u0643\u0645\u062f\u064a\u0631 \u0625\u0646\u062a\u0627\u062c \u0644\u0641\u0631\u064a\u0642 \u0633\u0644\u0627\u064a\u0633\u062f \u0648\u0623\u0646\u0627 \u0645\u0633\u0624\u0648\u0644 \u0639\u0646 80 \u0634\u062e\u0635\u064b\u0627 \u0639\u0644\u0649 \u0645\u062f\u0627\u0631 \u0627\u0644\u0639\u0627\u0645. \u0646\u0642\u0648\u0645 \u0628\u062a\u0642\u0637\u064a\u0639 \u0643\u0627\u0641\u0629 \u0627\u0644\u0644\u062d\u0648\u0645 &#8211; \u0627\u0644\u0623\u0636\u0644\u0627\u0639\u060c \u0634\u0631\u0627\u0626\u062d \u0644\u062d\u0645 \u0627\u0644\u0638\u0647\u0631\u060c \u0641\u064a\u0644\u064a\u0647 \u0644\u062d\u0645 \u0627\u0644\u0628\u0642\u0631\u060c \u0634\u0631\u0627\u0626\u062d \u0644\u062d\u0645 \u0627\u0644\u062e\u0627\u0635\u0631\u0629\u060c \u0643\u0645\u0627 \u0646\u0635\u0646\u0639 \u0627\u0644\u0644\u062d\u0645 \u0627\u0644\u0645\u0641\u0631\u0648\u0645 \u0648\u0627\u0644\u0628\u0631\u063a\u0631.<\/p>\n<p><strong>\u0645\u0627 \u0647\u0648 \u0623\u0641\u0636\u0644 \u0634\u064a\u0621 \u0641\u064a \u0647\u0630\u0647 \u0627\u0644\u0635\u0646\u0627\u0639\u0629\u061f<\/strong><br \/>\n\u2013 \u0623\u0641\u0636\u0644 \u0634\u064a\u0621 \u0647\u0648 \u0623\u0646\u0647 \u064a\u0645\u0643\u0646\u0643 \u0627\u0644\u0646\u0645\u0648 \u0648\u0627\u0644\u062a\u0637\u0648\u0631 \u0643\u0634\u062e\u0635 \u0625\u0630\u0627 \u0623\u0631\u062f\u062a \u0630\u0644\u0643. \u062f\u0627\u0626\u0645\u064b\u0627 \u0645\u0627 \u062a\u0639\u0645\u0644 \u0641\u064a \u0645\u062c\u0645\u0648\u0639\u0627\u062a \u0648\u0645\u0639 \u0623\u0646\u0648\u0627\u0639 \u0645\u062e\u062a\u0644\u0641\u0629 \u062c\u062f\u064b\u0627 \u0645\u0646 \u0627\u0644\u0623\u0634\u062e\u0627\u0635\u060c \u0648\u0647\u0648 \u0623\u0645\u0631 \u0645\u0645\u062a\u0639 \u0644\u0644\u063a\u0627\u064a\u0629 \u0628\u0627\u0639\u062a\u0642\u0627\u062f\u064a!<\/p>\n<p><strong>\u0643\u064a\u0641 \u0643\u0627\u0646\u062a \u0631\u062d\u0644\u062a\u0643 \u0641\u064a \u0647\u064a\u0644\u062a\u0648\u0646 \u0641\u0648\u062f\u0633\u061f<\/strong><br \/>\n\u2013 \u0628\u0639\u062f \u0627\u0644\u0645\u062f\u0631\u0633\u0629 \u0627\u0644\u062b\u0627\u0646\u0648\u064a\u0629 \u0644\u0645 \u0623\u0643\u0646 \u0623\u0639\u0631\u0641 \u0645\u0627\u0630\u0627 \u0623\u0641\u0639\u0644\u060c \u0623\u0631\u062f\u062a \u0627\u0644\u0639\u0645\u0644 \u0648\u0643\u0633\u0628 \u0627\u0644\u0645\u0627\u0644. \u062a\u0642\u062f\u0645\u062a \u0628\u0637\u0644\u0628 \u0644\u0644\u062d\u0635\u0648\u0644 \u0639\u0644\u0649 \u0648\u0638\u064a\u0641\u0629 \u0647\u0646\u0627 \u0641\u064a \u0647\u064a\u0644\u062a\u0648\u0646 \u0641\u0648\u062f\u0633 \u0648\u0623\u0639\u0645\u0644 \u0647\u0646\u0627 \u0645\u0646\u0630 \u0630\u0644\u0643 \u0627\u0644\u062d\u064a\u0646\u060c \u0644\u0642\u062f \u0645\u0631 18 \u0639\u0627\u0645\u064b\u0627 \u0648\u0623\u0646\u0627 \u0623\u0633\u062a\u0645\u062a\u0639 \u0628\u0627\u0644\u0639\u0645\u0644 \u0647\u0646\u0627 \u062d\u0642\u064b\u0627!<\/p>\n<p>&nbsp;<\/p>\n\n            <\/div>\n        <\/div>\n    <\/div>\n\n\n<div class=\"c-buttons\" style=\"background-color: unset\">\n    <div class=\"container\">\n        <div class=\"row justify-content-md-center\">\n            <div class=\"button-container col-12 col-md-8\">\n                                                                                        <a href=\"https:\/\/www.kcf.se\/jobb\/vagen-till-jobb\/?lang=ar\" target=\"\"\n                                class=\"theme-btn\">\u0627\u0644\u0637\u0631\u064a\u0642 \u0625\u0644\u0649 \u0627\u0644\u0639\u0645\u0644<\/a>\n                                                                                                <a href=\"https:\/\/www.kcf.se\/jobb\/har-finns-jobben\/?lang=ar\" target=\"\"\n                                class=\"theme-btn\">\u0647\u0646\u0627 \u062a\u0648\u062c\u062f \u0627\u0644\u0648\u0638\u0627\u0626\u0641<\/a>\n                                                                        <\/div>\n        <\/div>\n    <\/div>\n<\/div>\n","protected":false},"excerpt":{"rendered":"<p>\u0627\u0646\u0636\u0645 \u0625\u0644\u064a\u0646\u0627<\/p>\n","protected":false},"author":8,"featured_media":0,"parent":0,"menu_order":0,"comment_status":"closed","ping_status":"closed","template":"","meta":{"_acf_changed":false,"inline_featured_image":false,"footnotes":""},"class_list":["post-578","page","type-page","status-publish","hentry"],"acf":[],"yoast_head":"<!-- This site is optimized with the Yoast SEO plugin v24.1 - https:\/\/yoast.com\/wordpress\/plugins\/seo\/ -->\n<title>\u0632\u0645\u0644\u0627\u0626\u0643 - KCF - Jobba i v\u00e5r branch<\/title>\n<meta name=\"robots\" content=\"index, follow, max-snippet:-1, max-image-preview:large, max-video-preview:-1\" \/>\n<link rel=\"canonical\" href=\"https:\/\/kcf.se\/jobb\/kollegorna\/?lang=ar\" \/>\n<meta property=\"og:locale\" content=\"sv_SE\" \/>\n<meta property=\"og:type\" content=\"article\" \/>\n<meta property=\"og:title\" content=\"\u0632\u0645\u0644\u0627\u0626\u0643 - KCF - Jobba i v\u00e5r branch\" \/>\n<meta property=\"og:description\" content=\"\u0627\u0646\u0636\u0645 \u0625\u0644\u064a\u0646\u0627\" \/>\n<meta property=\"og:url\" content=\"https:\/\/kcf.se\/jobb\/kollegorna\/?lang=ar\" \/>\n<meta property=\"og:site_name\" content=\"KCF - Jobba i v\u00e5r branch\" \/>\n<meta property=\"article:modified_time\" content=\"2023-08-28T12:37:48+00:00\" \/>\n<meta name=\"twitter:card\" content=\"summary_large_image\" \/>\n<meta name=\"twitter:label1\" content=\"Ber\u00e4knad l\u00e4stid\" \/>\n\t<meta name=\"twitter:data1\" content=\"1 minut\" \/>\n<script type=\"application\/ld+json\" class=\"yoast-schema-graph\">{\"@context\":\"https:\/\/schema.org\",\"@graph\":[{\"@type\":\"WebPage\",\"@id\":\"https:\/\/kcf.se\/jobb\/kollegorna\/?lang=ar\",\"url\":\"https:\/\/kcf.se\/jobb\/kollegorna\/?lang=ar\",\"name\":\"\u0632\u0645\u0644\u0627\u0626\u0643 - KCF - Jobba i v\u00e5r branch\",\"isPartOf\":{\"@id\":\"https:\/\/kcf.se\/jobb\/#website\"},\"datePublished\":\"2023-06-02T18:48:10+00:00\",\"dateModified\":\"2023-08-28T12:37:48+00:00\",\"breadcrumb\":{\"@id\":\"https:\/\/kcf.se\/jobb\/kollegorna\/?lang=ar#breadcrumb\"},\"inLanguage\":\"sv-SE\",\"potentialAction\":[{\"@type\":\"ReadAction\",\"target\":[\"https:\/\/kcf.se\/jobb\/kollegorna\/?lang=ar\"]}]},{\"@type\":\"BreadcrumbList\",\"@id\":\"https:\/\/kcf.se\/jobb\/kollegorna\/?lang=ar#breadcrumb\",\"itemListElement\":[{\"@type\":\"ListItem\",\"position\":1,\"name\":\"Hem\",\"item\":\"https:\/\/kcf.se\/jobb\/\"},{\"@type\":\"ListItem\",\"position\":2,\"name\":\"\u0632\u0645\u0644\u0627\u0626\u0643\"}]},{\"@type\":\"WebSite\",\"@id\":\"https:\/\/kcf.se\/jobb\/#website\",\"url\":\"https:\/\/kcf.se\/jobb\/\",\"name\":\"KCF - Jobba i v\u00e5r branch\",\"description\":\"\",\"potentialAction\":[{\"@type\":\"SearchAction\",\"target\":{\"@type\":\"EntryPoint\",\"urlTemplate\":\"https:\/\/kcf.se\/jobb\/?s={search_term_string}\"},\"query-input\":{\"@type\":\"PropertyValueSpecification\",\"valueRequired\":true,\"valueName\":\"search_term_string\"}}],\"inLanguage\":\"sv-SE\"}]}<\/script>\n<!-- \/ Yoast SEO plugin. -->","yoast_head_json":{"title":"\u0632\u0645\u0644\u0627\u0626\u0643 - KCF - Jobba i v\u00e5r branch","robots":{"index":"index","follow":"follow","max-snippet":"max-snippet:-1","max-image-preview":"max-image-preview:large","max-video-preview":"max-video-preview:-1"},"canonical":"https:\/\/kcf.se\/jobb\/kollegorna\/?lang=ar","og_locale":"sv_SE","og_type":"article","og_title":"\u0632\u0645\u0644\u0627\u0626\u0643 - KCF - Jobba i v\u00e5r branch","og_description":"\u0627\u0646\u0636\u0645 \u0625\u0644\u064a\u0646\u0627","og_url":"https:\/\/kcf.se\/jobb\/kollegorna\/?lang=ar","og_site_name":"KCF - Jobba i v\u00e5r branch","article_modified_time":"2023-08-28T12:37:48+00:00","twitter_card":"summary_large_image","twitter_misc":{"Ber\u00e4knad l\u00e4stid":"1 minut"},"schema":{"@context":"https:\/\/schema.org","@graph":[{"@type":"WebPage","@id":"https:\/\/kcf.se\/jobb\/kollegorna\/?lang=ar","url":"https:\/\/kcf.se\/jobb\/kollegorna\/?lang=ar","name":"\u0632\u0645\u0644\u0627\u0626\u0643 - KCF - Jobba i v\u00e5r branch","isPartOf":{"@id":"https:\/\/kcf.se\/jobb\/#website"},"datePublished":"2023-06-02T18:48:10+00:00","dateModified":"2023-08-28T12:37:48+00:00","breadcrumb":{"@id":"https:\/\/kcf.se\/jobb\/kollegorna\/?lang=ar#breadcrumb"},"inLanguage":"sv-SE","potentialAction":[{"@type":"ReadAction","target":["https:\/\/kcf.se\/jobb\/kollegorna\/?lang=ar"]}]},{"@type":"BreadcrumbList","@id":"https:\/\/kcf.se\/jobb\/kollegorna\/?lang=ar#breadcrumb","itemListElement":[{"@type":"ListItem","position":1,"name":"Hem","item":"https:\/\/kcf.se\/jobb\/"},{"@type":"ListItem","position":2,"name":"\u0632\u0645\u0644\u0627\u0626\u0643"}]},{"@type":"WebSite","@id":"https:\/\/kcf.se\/jobb\/#website","url":"https:\/\/kcf.se\/jobb\/","name":"KCF - Jobba i v\u00e5r branch","description":"","potentialAction":[{"@type":"SearchAction","target":{"@type":"EntryPoint","urlTemplate":"https:\/\/kcf.se\/jobb\/?s={search_term_string}"},"query-input":{"@type":"PropertyValueSpecification","valueRequired":true,"valueName":"search_term_string"}}],"inLanguage":"sv-SE"}]}},"_links":{"self":[{"href":"https:\/\/www.kcf.se\/jobb\/wp-json\/wp\/v2\/pages\/578","targetHints":{"allow":["GET"]}}],"collection":[{"href":"https:\/\/www.kcf.se\/jobb\/wp-json\/wp\/v2\/pages"}],"about":[{"href":"https:\/\/www.kcf.se\/jobb\/wp-json\/wp\/v2\/types\/page"}],"author":[{"embeddable":true,"href":"https:\/\/www.kcf.se\/jobb\/wp-json\/wp\/v2\/users\/8"}],"replies":[{"embeddable":true,"href":"https:\/\/www.kcf.se\/jobb\/wp-json\/wp\/v2\/comments?post=578"}],"version-history":[{"count":18,"href":"https:\/\/www.kcf.se\/jobb\/wp-json\/wp\/v2\/pages\/578\/revisions"}],"predecessor-version":[{"id":931,"href":"https:\/\/www.kcf.se\/jobb\/wp-json\/wp\/v2\/pages\/578\/revisions\/931"}],"wp:attachment":[{"href":"https:\/\/www.kcf.se\/jobb\/wp-json\/wp\/v2\/media?parent=578"}],"curies":[{"name":"wp","href":"https:\/\/api.w.org\/{rel}","templated":true}]}}