{"id":580,"date":"2023-06-02T20:48:10","date_gmt":"2023-06-02T18:48:10","guid":{"rendered":"https:\/\/www.kcf.se\/jobb\/kollegorna\/"},"modified":"2023-08-23T16:07:57","modified_gmt":"2023-08-23T14:07:57","slug":"kollegorna","status":"publish","type":"page","link":"https:\/\/www.kcf.se\/jobb\/kollegorna\/?lang=uk","title":{"rendered":"\u041f\u043e\u0437\u043d\u0430\u0439\u043e\u043c\u0442\u0435\u0441\u044f \u0437 \u043a\u043e\u043b\u0435\u0433\u0430\u043c\u0438"},"content":{"rendered":"<div class=\"block-core-heading container\"><div class=\"row justify-content-md-center\"><div class=\"col-12 col-md-8\">\n<h1 class=\"wp-block-heading has-text-align-center\">\u041f\u0440\u0438\u0454\u0434\u043d\u0443\u0439\u0442\u0435\u0441\u044f \u0434\u043e \u043d\u0430\u0441<\/h1>\n<\/div><\/div><\/div>\n\n<div class=\"block-core-paragraph container\"><div class=\"row justify-content-md-center\"><div class=\"col-12 col-md-8\">\n<p class=\"has-text-align-center\"><\/p>\n<\/div><\/div><\/div>\n\n<div class=\"c-blockVideo container-fluid \">\n    <div class=\"row justify-content-md-center\">\n        <div class=\"video-area col-12 col-md-8\">\n                            <div class=\"overlay\" style=\"background-image: url(https:\/\/www.kcf.se\/app\/uploads\/sites\/2\/2023\/06\/Ayub_Stillbild_1050-x-443-pxl.jpg)\">\n                    <div class=\"video-content\">\n                        <h2>\u0417\u043d\u0430\u0439\u043e\u043c\u0442\u0435\u0441\u044c: \u0410\u044e\u0431<\/h2>\n                        <button class=\"play-btn \"><img decoding=\"async\" src=\"https:\/\/www.kcf.se\/app\/themes\/kampanj\/dist\/images\/icon_play.svg?id=45472b60aaede96839ee89e6702f5014\"\n                                alt=\"Play icon\"><\/button>\n                    <\/div>\n                <\/div>\n            \n            <div class=\"embed-container\">\n                <iframe loading=\"lazy\" title=\"KCF \u2013 Ayub Mousa (uk)\" width=\"640\" height=\"360\" src=\"https:\/\/www.youtube.com\/embed\/eC39medn-xE?feature=oembed&#038;cc_load_policy=1&#038;rel=0\" frameborder=\"0\" allow=\"accelerometer; autoplay; clipboard-write; encrypted-media; gyroscope; picture-in-picture; web-share\" referrerpolicy=\"strict-origin-when-cross-origin\" allowfullscreen><\/iframe>\n            <\/div>\n        <\/div>\n    <\/div>\n            <div class=\"row justify-content-md-center\">\n            <div class=\"video-area__textarea col-12 col-md-6\">\n                <h3 class=\"wp-block-heading has-text-align-center\">\u0410\u044e\u0431 \u041c\u0443\u0441\u0430,<\/h3>\n<h4 class=\"wp-block-heading has-text-align-center\">\u041c&#8217;\u044f\u0441\u043d\u0438\u043a \u0443 \u043a\u043e\u043c\u043f\u0430\u043d\u0456\u0457 KLS<\/h4>\n<p>&nbsp;<\/p>\n<p><strong>\u0427\u0438 \u0432\u0456\u043b\u044c\u043d\u043e \u0432\u0438 \u0432\u043e\u043b\u043e\u0434\u0456\u043b\u0438 \u0448\u0432\u0435\u0434\u0441\u044c\u043a\u043e\u044e \u043c\u043e\u0432\u043e\u044e, \u043a\u043e\u043b\u0438 \u043f\u043e\u0447\u0430\u043b\u0438 \u043f\u0440\u0430\u0446\u044e\u0432\u0430\u0442\u0438 \u0432 KLS?<br \/>\n<\/strong>\u2013 \u041d\u0456, \u043d\u0435 \u0432\u043e\u043b\u043e\u0434\u0456\u0432. \u042f \u0445\u043e\u0434\u0438\u0432 \u043d\u0430 \u0443\u0440\u043e\u043a\u0438 \u0448\u0432\u0435\u0434\u0441\u044c\u043a\u043e\u0457 \u043c\u043e\u0432\u0438 \u0432 SFI \u0440\u0430\u0437 \u043d\u0430 \u0442\u0438\u0436\u0434\u0435\u043d\u044c, \u043a\u043e\u043b\u0438 \u0432\u043f\u0435\u0440\u0448\u0435 \u043f\u0440\u0438\u0457\u0445\u0430\u0432 \u0434\u043e \u0428\u0432\u0435\u0446\u0456\u0457. \u0410\u043b\u0435 \u0437\u0434\u0435\u0431\u0456\u043b\u044c\u0448\u043e\u0433\u043e \u044f \u0432\u0438\u0432\u0447\u0438\u0432 \u0448\u0432\u0435\u0434\u0441\u044c\u043a\u0443 \u043c\u043e\u0432\u0443 \u043d\u0430 \u0440\u043e\u0431\u043e\u0442\u0456.<\/p>\n<p><strong>\u0429\u043e \u0432\u0430\u043c \u043d\u0430\u0439\u0431\u0456\u043b\u044c\u0448\u0435 \u043f\u043e\u0434\u043e\u0431\u0430\u0454\u0442\u044c\u0441\u044f \u0443 \u0432\u0430\u0448\u0456\u0439 \u0440\u043e\u0431\u043e\u0442\u0456?<br \/>\n<\/strong>\u2013 \u042f \u043f\u043e\u0441\u0442\u0456\u0439\u043d\u043e \u0432\u0447\u0443\u0441\u044f \u043d\u043e\u0432\u043e\u043c\u0443 \u0456 \u043d\u0430\u0431\u0443\u0432\u0430\u044e \u043d\u043e\u0432\u0438\u0445 \u043d\u0430\u0432\u0438\u0447\u043e\u043a. \u041a\u043e\u043c\u043f\u0430\u043d\u0456\u044f \u043f\u0440\u043e\u043f\u043e\u043d\u0443\u0454 \u0432\u0435\u043b\u0438\u043a\u0456 \u043c\u043e\u0436\u043b\u0438\u0432\u043e\u0441\u0442\u0456 \u0434\u043b\u044f \u043f\u0440\u043e\u0441\u0443\u0432\u0430\u043d\u043d\u044f \u043f\u043e \u0441\u043b\u0443\u0436\u0431\u0456, \u044f\u043a\u0449\u043e \u0432\u0438 \u0446\u044c\u043e\u0433\u043e \u0445\u043e\u0447\u0435\u0442\u0435. \u041c\u043e\u044f \u043c\u0440\u0456\u044f \u2013 \u043a\u043e\u043b\u0438\u0441\u044c \u0441\u0442\u0430\u0442\u0438 \u043a\u0435\u0440\u0456\u0432\u043d\u0438\u043a\u043e\u043c!<\/p>\n<p><strong>\u042f\u043a \u0432\u0438 \u043f\u043e\u0442\u0440\u0430\u043f\u0438\u043b\u0438 \u0434\u043e \u0446\u0456\u0454\u0457 \u0433\u0430\u043b\u0443\u0437\u0456?<br \/>\n<\/strong>\u2013 \u042f \u0437\u0430\u0432\u0436\u0434\u0438 \u0434\u0443\u0436\u0435 \u0446\u0456\u043a\u0430\u0432\u0438\u0432\u0441\u044f \u043f\u0440\u043e\u0434\u0443\u043a\u0442\u0430\u043c\u0438 \u0445\u0430\u0440\u0447\u0443\u0432\u0430\u043d\u043d\u044f, \u0456 \u043c\u0435\u043d\u0456 \u0445\u043e\u0442\u0456\u043b\u043e\u0441\u044f \u043f\u0440\u0430\u0446\u044e\u0432\u0430\u0442\u0438 \u0443 \u0446\u0456\u0439 \u0433\u0430\u043b\u0443\u0437\u0456. \u0422\u043e\u043c\u0443 \u044f \u043f\u043e\u0434\u0430\u0432 \u0437\u0430\u044f\u0432\u043a\u0443 \u043d\u0430 \u0440\u043e\u0431\u043e\u0442\u0443 \u0432 \u044f\u043a\u043e\u0441\u0442\u0456 \u0441\u0442\u0430\u0436\u0438\u0441\u0442\u0430 \u0434\u043e \u043a\u043e\u043c\u043f\u0430\u043d\u0456\u0457 KLS \u0432 \u0423\u0433\u0433\u043b\u0430\u0440\u043f\u0456 \u0456 \u0432\u043f\u0440\u043e\u0434\u043e\u0432\u0436 5 \u043c\u0456\u0441\u044f\u0446\u0456\u0432 \u043f\u0440\u043e\u0445\u043e\u0434\u0438\u0432 \u043d\u0430\u0432\u0447\u0430\u043d\u043d\u044f.<\/p>\n<p>&nbsp;<\/p>\n\n            <\/div>\n        <\/div>\n    <\/div>\n\n\n<div class=\"c-blockVideo container-fluid \">\n    <div class=\"row justify-content-md-center\">\n        <div class=\"video-area col-12 col-md-8\">\n                            <div class=\"overlay\" style=\"background-image: url(https:\/\/www.kcf.se\/app\/uploads\/sites\/2\/2023\/06\/Chonlada_Stillbild_1050-x-443-pxl.jpg)\">\n                    <div class=\"video-content\">\n                        <h2>\u0417\u043d\u0430\u0439\u043e\u043c\u0442\u0435\u0441\u044c: \u0427\u043e\u043d\u043b\u0430\u0434\u0430<\/h2>\n                        <button class=\"play-btn \"><img decoding=\"async\" src=\"https:\/\/www.kcf.se\/app\/themes\/kampanj\/dist\/images\/icon_play.svg?id=45472b60aaede96839ee89e6702f5014\"\n                                alt=\"Play icon\"><\/button>\n                    <\/div>\n                <\/div>\n            \n            <div class=\"embed-container\">\n                <iframe loading=\"lazy\" title=\"KCF \u2013 Chonlada Thongphot (uk)\" width=\"640\" height=\"360\" src=\"https:\/\/www.youtube.com\/embed\/J0mieGvzyVk?feature=oembed&#038;cc_load_policy=1&#038;rel=0\" frameborder=\"0\" allow=\"accelerometer; autoplay; clipboard-write; encrypted-media; gyroscope; picture-in-picture; web-share\" referrerpolicy=\"strict-origin-when-cross-origin\" allowfullscreen><\/iframe>\n            <\/div>\n        <\/div>\n    <\/div>\n            <div class=\"row justify-content-md-center\">\n            <div class=\"video-area__textarea col-12 col-md-6\">\n                <h3 style=\"text-align: center\"><span lang=\"RU\">\u0427\u043e\u043d\u043b\u0430\u0434\u0430 \u0422\u043e\u043d<\/span><span lang=\"EN-US\">\u0491<\/span><span lang=\"RU\">\u0444\u043e\u0442 \u0417\u0430\u043d\u0434\u0435\u0440,<\/span><\/h3>\n<h4 style=\"text-align: center\">\u041f\u0440\u0430\u0446\u0456\u0432\u043d\u0438\u043a \u043f\u0440\u0430\u043b\u044c\u043d\u0456 \u0432 Gudruns<\/h4>\n<p>&nbsp;<\/p>\n<p><strong>\u042f\u043a \u0432\u0438 \u0432\u043b\u0430\u0448\u0442\u0443\u0432\u0430\u043b\u0438\u0441\u044f \u043d\u0430 \u0440\u043e\u0431\u043e\u0442\u0443 \u0434\u043e Gudruns?<br \/>\n<\/strong>\u2013 \u041c\u0435\u043d\u0456 \u043f\u0456\u0434\u043a\u0430\u0437\u0430\u0432 \u0434\u0440\u0443\u0433, \u0449\u043e \u0432 \u043f\u0440\u0430\u043b\u044c\u043d\u0456 \u043f\u043e\u0442\u0440\u0456\u0431\u043d\u0430 \u043b\u044e\u0434\u0438\u043d\u0430, \u044f\u043a\u0430 \u0431 \u0437\u0430\u0439\u043c\u0430\u043b\u0430\u0441\u044f \u0443\u043f\u0440\u0430\u0432\u043b\u0456\u043d\u043d\u044f\u043c \u0456 \u043f\u0440\u0430\u043d\u043d\u044f\u043c \u0440\u043e\u0431\u043e\u0447\u043e\u0433\u043e \u043e\u0434\u044f\u0433\u0443. \u041e\u0442\u0436\u0435, \u044f \u0437\u0432\u0435\u0440\u043d\u0443\u043b\u0430\u0441\u044f \u0434\u043e Gudruns \u0456 \u043f\u043e\u0434\u0430\u043b\u0430 \u0437\u0430\u044f\u0432\u043a\u0443. \u042f \u043f\u0440\u0430\u0446\u044e\u044e \u0442\u0443\u0442 \u0456\u0437 2016 \u0440\u043e\u043a\u0443.<\/p>\n<p><strong>\u0427\u0438 \u043f\u0440\u043e\u0445\u043e\u0434\u0438\u043b\u0438 \u0432\u0438 \u043d\u0430\u0432\u0447\u0430\u043d\u043d\u044f \u043d\u0430 \u0440\u043e\u0431\u043e\u0447\u043e\u043c\u0443 \u043c\u0456\u0441\u0446\u0456?<br \/>\n<\/strong>\u2013 \u0422\u0430\u043a. \u042f \u043e\u0442\u0440\u0438\u043c\u0430\u043b\u0430 \u043f\u0440\u0430\u0432\u0430 \u043d\u0430 \u043a\u0435\u0440\u0443\u0432\u0430\u043d\u043d\u044f \u043d\u0430\u0432\u0430\u043d\u0442\u0430\u0436\u0443\u0432\u0430\u0447\u0435\u043c. \u0426\u0435 \u0431\u0443\u0432 \u0434\u0432\u043e\u0434\u0435\u043d\u043d\u0438\u0439 \u043a\u0443\u0440\u0441, \u0449\u043e \u0432\u043a\u043b\u044e\u0447\u0430\u0432 \u0442\u0435\u043e\u0440\u0456\u044e \u0456 \u0432\u043e\u0434\u0456\u043d\u043d\u044f. \u0412\u0438\u0439\u0448\u043b\u043e \u0447\u0443\u0434\u043e\u0432\u043e \u0439 \u0431\u0443\u043b\u043e \u0434\u0443\u0436\u0435 \u0432\u0435\u0441\u0435\u043b\u043e!<\/p>\n<p><strong>\u042f\u043a\u0456 \u043d\u0430\u0432\u0438\u0447\u043a\u0438 \u0442\u0430 \u044f\u043a\u043e\u0441\u0442\u0456 \u043d\u0430\u0439\u0431\u0456\u043b\u044c\u0448 \u0432\u0430\u0436\u043b\u0438\u0432\u0456 \u0434\u043b\u044f \u0440\u043e\u0431\u043e\u0442\u0438 \u0443 \u043c&#8217;\u044f\u0441\u043d\u0456\u0439 \u043f\u0440\u043e\u043c\u0438\u0441\u043b\u043e\u0432\u043e\u0441\u0442\u0456?<br \/>\n<\/strong>\u2013 \u0421\u043b\u0456\u0434 \u0431\u0443\u0442\u0438 \u0443\u0432\u0430\u0436\u043d\u0438\u043c \u0434\u043e \u0434\u0435\u0442\u0430\u043b\u0435\u0439 \u0456 \u0446\u0456\u043b\u0435\u0441\u043f\u0440\u044f\u043c\u043e\u0432\u0430\u043d\u0438\u043c. \u042f\u043a\u0449\u043e \u0449\u043e\u0441\u044c \u043d\u0435 \u0437\u0440\u043e\u0437\u0443\u043c\u0456\u043b\u043e, \u0432\u0430\u0436\u043b\u0438\u0432\u043e \u0437\u0430\u043f\u0438\u0442\u0443\u0432\u0430\u0442\u0438. \u0417\u0430\u0432\u0436\u0434\u0438 \u0437\u043d\u0430\u0439\u0434\u0435\u0442\u044c\u0441\u044f \u043b\u044e\u0434\u0438\u043d\u0430, \u044f\u043a\u0430 \u0433\u043e\u0442\u043e\u0432\u0430 \u0432\u0441\u0435 \u043f\u043e\u044f\u0441\u043d\u0438\u0442\u0438 \u0456 \u0434\u043e\u043f\u043e\u043c\u043e\u0433\u0442\u0438 \u0440\u043e\u0437\u0456\u0431\u0440\u0430\u0442\u0438\u0441\u044f.<\/p>\n<p>&nbsp;<\/p>\n\n            <\/div>\n        <\/div>\n    <\/div>\n\n\n<div class=\"c-blockVideo container-fluid \">\n    <div class=\"row justify-content-md-center\">\n        <div class=\"video-area col-12 col-md-8\">\n                            <div class=\"overlay\" style=\"background-image: url(https:\/\/www.kcf.se\/app\/uploads\/sites\/2\/2023\/07\/peter_videothumbnail.jpg)\">\n                    <div class=\"video-content\">\n                        <h2>\u0417\u0443\u0441\u0442\u0440\u0456\u0447\u0430\u0439\u0442\u0435 \u041f\u0435\u0442\u0440\u0430<\/h2>\n                        <button class=\"play-btn \"><img decoding=\"async\" src=\"https:\/\/www.kcf.se\/app\/themes\/kampanj\/dist\/images\/icon_play.svg?id=45472b60aaede96839ee89e6702f5014\"\n                                alt=\"Play icon\"><\/button>\n                    <\/div>\n                <\/div>\n            \n            <div class=\"embed-container\">\n                <iframe loading=\"lazy\" title=\"KCF \u2013 Peter Beniyamin (uk)\" width=\"640\" height=\"360\" src=\"https:\/\/www.youtube.com\/embed\/H4rLqFNZRqM?feature=oembed&#038;cc_load_policy=1&#038;rel=0\" frameborder=\"0\" allow=\"accelerometer; autoplay; clipboard-write; encrypted-media; gyroscope; picture-in-picture; web-share\" referrerpolicy=\"strict-origin-when-cross-origin\" allowfullscreen><\/iframe>\n            <\/div>\n        <\/div>\n    <\/div>\n            <div class=\"row justify-content-md-center\">\n            <div class=\"video-area__textarea col-12 col-md-6\">\n                <h3 style=\"text-align: center\">\u041f\u0456\u0442\u0435\u0440 \u0411\u0435\u043d\u044c\u044f\u043c\u0456\u043d,<\/h3>\n<h4 style=\"text-align: center\">\u041a\u0435\u0440\u0456\u0432\u043d\u0438\u043a \u0432\u0438\u0440\u043e\u0431\u043d\u0438\u0447\u043e\u0457 \u043b\u0456\u043d\u0456\u0457 \u0432 \u043a\u043e\u043c\u043f\u0430\u043d\u0456\u0457 Hilton Foods<\/h4>\n<p>&nbsp;<\/p>\n<p><strong>\u042f\u043a\u0443 \u043f\u043e\u0441\u0430\u0434\u0443 \u0432\u0438 \u0437\u0430\u0439\u043c\u0430\u0454\u0442\u0435 \u0432 Hilton Foods?<\/strong><br \/>\n\u2013 \u042f \u043c\u0435\u043d\u0435\u0434\u0436\u0435\u0440 \u0432\u0438\u0440\u043e\u0431\u043d\u0438\u0447\u043e\u0457 \u043b\u0456\u043d\u0456\u0457 Team Sliced \u0456 \u0432\u0456\u0434\u043f\u043e\u0432\u0456\u0434\u0430\u044e \u0437\u0430 \u0440\u043e\u0431\u043e\u0442\u0443 \u0431\u043b\u0438\u0437\u044c\u043a\u043e 80 \u043b\u044e\u0434\u0435\u0439 \u043f\u0440\u043e\u0442\u044f\u0433\u043e\u043c \u0443\u0441\u044c\u043e\u0433\u043e \u0440\u043e\u043a\u0443. \u041c\u0438 \u043d\u0430\u0440\u0456\u0437\u0430\u0454\u043c\u043e \u0432\u0441\u0456 \u0432\u0438\u0434\u0438 \u043c&#8217;\u044f\u0441\u0430: \u0432\u0456\u0434\u0431\u0438\u0432\u043d\u0456, \u0432\u0438\u0440\u0456\u0437\u043a\u0443, \u0444\u0456\u043b\u0435 \u044f\u043b\u043e\u0432\u0438\u0447\u0438\u043d\u0438 \u0442\u0430 \u0441\u0442\u0435\u0439\u043a\u0438. \u041c\u0438 \u0442\u0430\u043a\u043e\u0436 \u0433\u043e\u0442\u0443\u0454\u043c\u043e \u0444\u0430\u0440\u0448 \u0442\u0430 \u043a\u043e\u0442\u043b\u0435\u0442\u0438.<\/p>\n<p><strong>\u0429\u043e \u0432\u0430\u043c \u043d\u0430\u0439\u0431\u0456\u043b\u044c\u0448\u0435 \u043f\u043e\u0434\u043e\u0431\u0430\u0454\u0442\u044c\u0441\u044f \u0443 \u0440\u043e\u0431\u043e\u0442\u0456 \u0432 \u0446\u0456\u0439 \u0433\u0430\u043b\u0443\u0437\u0456?<\/strong><br \/>\n\u2013 \u041c\u0435\u043d\u0456 \u043f\u043e\u0434\u043e\u0431\u0430\u0454\u0442\u044c\u0441\u044f, \u0449\u043e \u043c\u043e\u0436\u043d\u0430 \u0437\u0440\u043e\u0441\u0442\u0430\u0442\u0438 \u0442\u0430 \u0440\u043e\u0437\u0432\u0438\u0432\u0430\u0442\u0438\u0441\u044f \u044f\u043a \u043e\u0441\u043e\u0431\u0438\u0441\u0442\u0456\u0441\u0442\u044c, \u044f\u043a\u0449\u043e \u0446\u044c\u043e\u0433\u043e \u0431\u0430\u0436\u0430\u0454\u0448. \u041c\u0438 \u0442\u0430\u043a\u043e\u0436 \u0437\u0430\u0432\u0436\u0434\u0438 \u043f\u0440\u0430\u0446\u044e\u0454\u043c\u043e \u0432 \u043a\u043e\u043c\u0430\u043d\u0434\u0430\u0445, \u0437 \u0440\u0456\u0437\u043d\u0438\u043c\u0438 \u043b\u044e\u0434\u044c\u043c\u0438, \u0449\u043e \u043c\u0435\u043d\u0456 \u0434\u0443\u0436\u0435 \u043f\u043e\u0434\u043e\u0431\u0430\u0454\u0442\u044c\u0441\u044f!<\/p>\n<p><strong>\u042f\u043a\u0438\u043c \u0431\u0443\u0432 \u0432\u0430\u0448 \u0448\u043b\u044f\u0445 \u0443 Hilton Foods?<\/strong><br \/>\n\u2013 \u041f\u0456\u0441\u043b\u044f \u0437\u0430\u043a\u0456\u043d\u0447\u0435\u043d\u043d\u044f \u0448\u043a\u043e\u043b\u0438 \u044f \u043d\u0435 \u0437\u043d\u0430\u0432, \u0447\u0438\u043c \u0445\u043e\u0447\u0443 \u0437\u0430\u0439\u043c\u0430\u0442\u0438\u0441\u044f. \u0410\u043b\u0435 \u0445\u043e\u0442\u0456\u043b\u043e\u0441\u044f \u043f\u0440\u0430\u0446\u044e\u0432\u0430\u0442\u0438 \u0456 \u0437\u0430\u0440\u043e\u0431\u043b\u044f\u0442\u0438 \u0433\u0440\u043e\u0448\u0456. \u042f \u0432\u043b\u0430\u0448\u0442\u0443\u0432\u0430\u0432\u0441\u044f \u043f\u0440\u0430\u0446\u044e\u0432\u0430\u0442\u0438 \u0432 \u043a\u043e\u043c\u043f\u0430\u043d\u0456\u044e Hilton Foods, \u0456 \u0432\u0436\u0435 18 \u0440\u043e\u043a\u0456\u0432 \u043f\u0440\u0430\u0446\u044e\u044e \u0442\u0443\u0442. \u041c\u0435\u043d\u0456 \u0446\u0435 \u0434\u0443\u0436\u0435 \u043f\u043e\u0434\u043e\u0431\u0430\u0454\u0442\u044c\u0441\u044f!<\/p>\n<p>&nbsp;<\/p>\n\n            <\/div>\n        <\/div>\n    <\/div>\n\n\n<div class=\"c-buttons\" style=\"background-color: unset\">\n    <div class=\"container\">\n        <div class=\"row justify-content-md-center\">\n            <div class=\"button-container col-12 col-md-8\">\n                                                                                        <a href=\"https:\/\/www.kcf.se\/jobb\/vagen-till-jobb\/?lang=uk\" target=\"\"\n                                class=\"theme-btn\">V\u00e4gen till jobb<\/a>\n                                                                                                <a href=\"https:\/\/www.kcf.se\/jobb\/har-finns-jobben\/?lang=uk\" target=\"\"\n                                class=\"theme-btn\">H\u00e4r finns jobben<\/a>\n                                                                        <\/div>\n        <\/div>\n    <\/div>\n<\/div>\n","protected":false},"excerpt":{"rendered":"<p>\u041f\u0440\u0438\u0454\u0434\u043d\u0443\u0439\u0442\u0435\u0441\u044f \u0434\u043e \u043d\u0430\u0441<\/p>\n","protected":false},"author":8,"featured_media":0,"parent":0,"menu_order":0,"comment_status":"closed","ping_status":"closed","template":"","meta":{"_acf_changed":false,"inline_featured_image":false,"footnotes":""},"class_list":["post-580","page","type-page","status-publish","hentry"],"acf":[],"yoast_head":"<!-- This site is optimized with the Yoast SEO plugin v24.1 - https:\/\/yoast.com\/wordpress\/plugins\/seo\/ -->\n<title>\u041f\u043e\u0437\u043d\u0430\u0439\u043e\u043c\u0442\u0435\u0441\u044f \u0437 \u043a\u043e\u043b\u0435\u0433\u0430\u043c\u0438 - KCF - Jobba i v\u00e5r branch<\/title>\n<meta name=\"robots\" content=\"index, follow, max-snippet:-1, max-image-preview:large, max-video-preview:-1\" \/>\n<link rel=\"canonical\" href=\"https:\/\/kcf.se\/jobb\/kollegorna\/?lang=uk\" \/>\n<meta property=\"og:locale\" content=\"sv_SE\" \/>\n<meta property=\"og:type\" content=\"article\" \/>\n<meta property=\"og:title\" content=\"\u041f\u043e\u0437\u043d\u0430\u0439\u043e\u043c\u0442\u0435\u0441\u044f \u0437 \u043a\u043e\u043b\u0435\u0433\u0430\u043c\u0438 - KCF - Jobba i v\u00e5r branch\" \/>\n<meta property=\"og:description\" content=\"\u041f\u0440\u0438\u0454\u0434\u043d\u0443\u0439\u0442\u0435\u0441\u044f \u0434\u043e \u043d\u0430\u0441\" \/>\n<meta property=\"og:url\" content=\"https:\/\/kcf.se\/jobb\/kollegorna\/?lang=uk\" \/>\n<meta property=\"og:site_name\" content=\"KCF - Jobba i v\u00e5r branch\" \/>\n<meta property=\"article:modified_time\" content=\"2023-08-23T14:07:57+00:00\" \/>\n<meta name=\"twitter:card\" content=\"summary_large_image\" \/>\n<meta name=\"twitter:label1\" content=\"Ber\u00e4knad l\u00e4stid\" \/>\n\t<meta name=\"twitter:data1\" content=\"1 minut\" \/>\n<script type=\"application\/ld+json\" class=\"yoast-schema-graph\">{\"@context\":\"https:\/\/schema.org\",\"@graph\":[{\"@type\":\"WebPage\",\"@id\":\"https:\/\/kcf.se\/jobb\/kollegorna\/?lang=uk\",\"url\":\"https:\/\/kcf.se\/jobb\/kollegorna\/?lang=uk\",\"name\":\"\u041f\u043e\u0437\u043d\u0430\u0439\u043e\u043c\u0442\u0435\u0441\u044f \u0437 \u043a\u043e\u043b\u0435\u0433\u0430\u043c\u0438 - KCF - Jobba i v\u00e5r branch\",\"isPartOf\":{\"@id\":\"https:\/\/kcf.se\/jobb\/#website\"},\"datePublished\":\"2023-06-02T18:48:10+00:00\",\"dateModified\":\"2023-08-23T14:07:57+00:00\",\"breadcrumb\":{\"@id\":\"https:\/\/kcf.se\/jobb\/kollegorna\/?lang=uk#breadcrumb\"},\"inLanguage\":\"sv-SE\",\"potentialAction\":[{\"@type\":\"ReadAction\",\"target\":[\"https:\/\/kcf.se\/jobb\/kollegorna\/?lang=uk\"]}]},{\"@type\":\"BreadcrumbList\",\"@id\":\"https:\/\/kcf.se\/jobb\/kollegorna\/?lang=uk#breadcrumb\",\"itemListElement\":[{\"@type\":\"ListItem\",\"position\":1,\"name\":\"Hem\",\"item\":\"https:\/\/kcf.se\/jobb\/\"},{\"@type\":\"ListItem\",\"position\":2,\"name\":\"\u041f\u043e\u0437\u043d\u0430\u0439\u043e\u043c\u0442\u0435\u0441\u044f \u0437 \u043a\u043e\u043b\u0435\u0433\u0430\u043c\u0438\"}]},{\"@type\":\"WebSite\",\"@id\":\"https:\/\/kcf.se\/jobb\/#website\",\"url\":\"https:\/\/kcf.se\/jobb\/\",\"name\":\"KCF - Jobba i v\u00e5r branch\",\"description\":\"\",\"potentialAction\":[{\"@type\":\"SearchAction\",\"target\":{\"@type\":\"EntryPoint\",\"urlTemplate\":\"https:\/\/kcf.se\/jobb\/?s={search_term_string}\"},\"query-input\":{\"@type\":\"PropertyValueSpecification\",\"valueRequired\":true,\"valueName\":\"search_term_string\"}}],\"inLanguage\":\"sv-SE\"}]}<\/script>\n<!-- \/ Yoast SEO plugin. -->","yoast_head_json":{"title":"\u041f\u043e\u0437\u043d\u0430\u0439\u043e\u043c\u0442\u0435\u0441\u044f \u0437 \u043a\u043e\u043b\u0435\u0433\u0430\u043c\u0438 - KCF - Jobba i v\u00e5r branch","robots":{"index":"index","follow":"follow","max-snippet":"max-snippet:-1","max-image-preview":"max-image-preview:large","max-video-preview":"max-video-preview:-1"},"canonical":"https:\/\/kcf.se\/jobb\/kollegorna\/?lang=uk","og_locale":"sv_SE","og_type":"article","og_title":"\u041f\u043e\u0437\u043d\u0430\u0439\u043e\u043c\u0442\u0435\u0441\u044f \u0437 \u043a\u043e\u043b\u0435\u0433\u0430\u043c\u0438 - KCF - Jobba i v\u00e5r branch","og_description":"\u041f\u0440\u0438\u0454\u0434\u043d\u0443\u0439\u0442\u0435\u0441\u044f \u0434\u043e \u043d\u0430\u0441","og_url":"https:\/\/kcf.se\/jobb\/kollegorna\/?lang=uk","og_site_name":"KCF - Jobba i v\u00e5r branch","article_modified_time":"2023-08-23T14:07:57+00:00","twitter_card":"summary_large_image","twitter_misc":{"Ber\u00e4knad l\u00e4stid":"1 minut"},"schema":{"@context":"https:\/\/schema.org","@graph":[{"@type":"WebPage","@id":"https:\/\/kcf.se\/jobb\/kollegorna\/?lang=uk","url":"https:\/\/kcf.se\/jobb\/kollegorna\/?lang=uk","name":"\u041f\u043e\u0437\u043d\u0430\u0439\u043e\u043c\u0442\u0435\u0441\u044f \u0437 \u043a\u043e\u043b\u0435\u0433\u0430\u043c\u0438 - KCF - Jobba i v\u00e5r branch","isPartOf":{"@id":"https:\/\/kcf.se\/jobb\/#website"},"datePublished":"2023-06-02T18:48:10+00:00","dateModified":"2023-08-23T14:07:57+00:00","breadcrumb":{"@id":"https:\/\/kcf.se\/jobb\/kollegorna\/?lang=uk#breadcrumb"},"inLanguage":"sv-SE","potentialAction":[{"@type":"ReadAction","target":["https:\/\/kcf.se\/jobb\/kollegorna\/?lang=uk"]}]},{"@type":"BreadcrumbList","@id":"https:\/\/kcf.se\/jobb\/kollegorna\/?lang=uk#breadcrumb","itemListElement":[{"@type":"ListItem","position":1,"name":"Hem","item":"https:\/\/kcf.se\/jobb\/"},{"@type":"ListItem","position":2,"name":"\u041f\u043e\u0437\u043d\u0430\u0439\u043e\u043c\u0442\u0435\u0441\u044f \u0437 \u043a\u043e\u043b\u0435\u0433\u0430\u043c\u0438"}]},{"@type":"WebSite","@id":"https:\/\/kcf.se\/jobb\/#website","url":"https:\/\/kcf.se\/jobb\/","name":"KCF - Jobba i v\u00e5r branch","description":"","potentialAction":[{"@type":"SearchAction","target":{"@type":"EntryPoint","urlTemplate":"https:\/\/kcf.se\/jobb\/?s={search_term_string}"},"query-input":{"@type":"PropertyValueSpecification","valueRequired":true,"valueName":"search_term_string"}}],"inLanguage":"sv-SE"}]}},"_links":{"self":[{"href":"https:\/\/www.kcf.se\/jobb\/wp-json\/wp\/v2\/pages\/580","targetHints":{"allow":["GET"]}}],"collection":[{"href":"https:\/\/www.kcf.se\/jobb\/wp-json\/wp\/v2\/pages"}],"about":[{"href":"https:\/\/www.kcf.se\/jobb\/wp-json\/wp\/v2\/types\/page"}],"author":[{"embeddable":true,"href":"https:\/\/www.kcf.se\/jobb\/wp-json\/wp\/v2\/users\/8"}],"replies":[{"embeddable":true,"href":"https:\/\/www.kcf.se\/jobb\/wp-json\/wp\/v2\/comments?post=580"}],"version-history":[{"count":21,"href":"https:\/\/www.kcf.se\/jobb\/wp-json\/wp\/v2\/pages\/580\/revisions"}],"predecessor-version":[{"id":923,"href":"https:\/\/www.kcf.se\/jobb\/wp-json\/wp\/v2\/pages\/580\/revisions\/923"}],"wp:attachment":[{"href":"https:\/\/www.kcf.se\/jobb\/wp-json\/wp\/v2\/media?parent=580"}],"curies":[{"name":"wp","href":"https:\/\/api.w.org\/{rel}","templated":true}]}}