{"id":588,"date":"2023-06-02T20:47:37","date_gmt":"2023-06-02T18:47:37","guid":{"rendered":"https:\/\/www.kcf.se\/jobb\/vagen-till-jobb\/"},"modified":"2023-11-07T14:52:46","modified_gmt":"2023-11-07T13:52:46","slug":"vagen-till-jobb","status":"publish","type":"page","link":"https:\/\/www.kcf.se\/jobb\/vagen-till-jobb\/?lang=en","title":{"rendered":"The path to employment"},"content":{"rendered":"<div class=\"c-blockTextAndImage \" style=\"background-color: unset\">\n        <div class=\"container\">\n                            <h1 class=\"c-blockTextAndImage__title text-center\">3 steps to getting a job in the meat industry<\/h1>\n                        <div class=\"c-blockTextAndImage__columns\">\n                                    <div class=\"row h-100 fade-block\">\n                        <div\n                            class=\"c-blockTextAndImage__textWrapper col-12 col-md-6 right\">\n                            <div class=\"c-blockTextAndImage__textWrapper--text\">\n                                                                    <h3>1. Apply for a job at a company<\/h3>\n<p>The first step is for you to actively reach out to one of the companies that is hiring.<br \/>\n<a href=\"https:\/\/www.kcf.se\/jobb\/har-finns-jobben\/?lang=en\"><strong>Here you\u2019ll find a map <\/strong><\/a> that shows you all the companies in the industry with regular job vacancies. It\u2019s an easy way to find the job that\u2019s best for you.<\/p>\n\n                                \n                                                            <\/div>\n                        <\/div>\n\n                                                                                    <div class=\"c-blockTextAndImage__image col-12 col-md-6\">\n                                    <img loading=\"lazy\" decoding=\"async\" width=\"1011\" height=\"1010\" src=\"https:\/\/www.kcf.se\/app\/uploads\/sites\/2\/2023\/11\/Skarmavbild-2023-11-07-kl.-14.45.57.png\" class=\"attachment-large size-large\" alt=\"Karta \u00f6ver alla lediga jobb inom k\u00f6tt- och charkbranschen i\" srcset=\"https:\/\/www.kcf.se\/app\/uploads\/sites\/2\/2023\/11\/Skarmavbild-2023-11-07-kl.-14.45.57.png 1011w, https:\/\/www.kcf.se\/app\/uploads\/sites\/2\/2023\/11\/Skarmavbild-2023-11-07-kl.-14.45.57-300x300.png 300w, https:\/\/www.kcf.se\/app\/uploads\/sites\/2\/2023\/11\/Skarmavbild-2023-11-07-kl.-14.45.57-150x150.png 150w, https:\/\/www.kcf.se\/app\/uploads\/sites\/2\/2023\/11\/Skarmavbild-2023-11-07-kl.-14.45.57-768x767.png 768w\" sizes=\"auto, (max-width: 1011px) 100vw, 1011px\" \/>\n                                <\/div>\n                                                                        <\/div>\n                                    <div class=\"row h-100 fade-block\">\n                        <div\n                            class=\"c-blockTextAndImage__textWrapper col-12 col-md-6 left\">\n                            <div class=\"c-blockTextAndImage__textWrapper--text\">\n                                                                    <h3>2. Get on-the-job training at a company<\/h3>\n<p>You don\u2019t need any previous experience of the industry. You\u2019ll get all the training you need for your new role on the job. Sometimes training is done as an internship position.<\/p>\n\n                                \n                                                            <\/div>\n                        <\/div>\n\n                                                                                    <div class=\"c-blockTextAndImage__image col-12 col-md-6\">\n                                    <img loading=\"lazy\" decoding=\"async\" width=\"1000\" height=\"1000\" src=\"https:\/\/www.kcf.se\/app\/uploads\/sites\/2\/2023\/07\/Vagen-till-jobb_2.jpg\" class=\"attachment-large size-large\" alt=\"\" srcset=\"https:\/\/www.kcf.se\/app\/uploads\/sites\/2\/2023\/07\/Vagen-till-jobb_2.jpg 1000w, https:\/\/www.kcf.se\/app\/uploads\/sites\/2\/2023\/07\/Vagen-till-jobb_2-300x300.jpg 300w, https:\/\/www.kcf.se\/app\/uploads\/sites\/2\/2023\/07\/Vagen-till-jobb_2-150x150.jpg 150w, https:\/\/www.kcf.se\/app\/uploads\/sites\/2\/2023\/07\/Vagen-till-jobb_2-768x768.jpg 768w\" sizes=\"auto, (max-width: 1000px) 100vw, 1000px\" \/>\n                                <\/div>\n                                                                        <\/div>\n                                    <div class=\"row h-100 fade-block\">\n                        <div\n                            class=\"c-blockTextAndImage__textWrapper col-12 col-md-6 right\">\n                            <div class=\"c-blockTextAndImage__textWrapper--text\">\n                                                                    <h3>3. The company hires you<\/h3>\n<p>If it\u2019s a good match and everything is working out, you\u2019ll be offered a job.<\/p>\n\n                                \n                                                            <\/div>\n                        <\/div>\n\n                                                                                    <div class=\"c-blockTextAndImage__image col-12 col-md-6\">\n                                    <img loading=\"lazy\" decoding=\"async\" width=\"1024\" height=\"498\" src=\"https:\/\/www.kcf.se\/app\/uploads\/sites\/2\/2023\/06\/4-skal-att-jobba-med-oss_618-x-618-pxl-1-1024x498.jpg\" class=\"attachment-large size-large\" alt=\"Bild p\u00e5 tv\u00e5 arbetare som jobbar med att paketera k\u00f6tt.\" srcset=\"https:\/\/www.kcf.se\/app\/uploads\/sites\/2\/2023\/06\/4-skal-att-jobba-med-oss_618-x-618-pxl-1-1024x498.jpg 1024w, https:\/\/www.kcf.se\/app\/uploads\/sites\/2\/2023\/06\/4-skal-att-jobba-med-oss_618-x-618-pxl-1-300x146.jpg 300w, https:\/\/www.kcf.se\/app\/uploads\/sites\/2\/2023\/06\/4-skal-att-jobba-med-oss_618-x-618-pxl-1-768x373.jpg 768w, https:\/\/www.kcf.se\/app\/uploads\/sites\/2\/2023\/06\/4-skal-att-jobba-med-oss_618-x-618-pxl-1.jpg 1440w\" sizes=\"auto, (max-width: 1024px) 100vw, 1024px\" \/>\n                                <\/div>\n                                                                        <\/div>\n                            <\/div>\n        <\/div>\n    <\/div>\n\n\n<div class=\"block-core-heading container\"><div class=\"row justify-content-md-center\"><div class=\"col-12 col-md-8\">\n<h2 class=\"wp-block-heading has-text-align-center\">4 reasons to work for us<\/h2>\n<\/div><\/div><\/div>\n\n<div class=\"c-columns container-fluid fade-block\">\n    <div class=\"row h-100 justify-content-md-center\">\n        <div class=\"col-md-6 col-12\">\n            <div class=\"row\">\n                <div class=\"c-columns__column col-lg-6\">\n                    <h3>1. Good pay<\/h3>\n<p>Do you want financial stability and security? In the meat industry, you can earn a good salary right from the start. The pay you receive could be an important factor in how you feel about the job.<\/p>\n\n                <\/div>\n                <div class=\"c-columns__column col-lg-6\">\n                    <h3>2. Get a job quickly<\/h3>\n<p>You don\u2019t need any prior training and can quickly learn new skills on the job. The company will give you training that is tailored to your needs. Companies in the meat industry are accustomed to hiring newly arrived immigrants who are still learning to speak Swedish.<\/p>\n<p>&nbsp;<\/p>\n<p>&nbsp;<\/p>\n\n                <\/div>\n            <\/div>\n        <\/div>\n    <\/div>\n<\/div>\n\n\n<div class=\"c-columns container-fluid fade-block\">\n    <div class=\"row h-100 justify-content-md-center\">\n        <div class=\"col-md-6 col-12\">\n            <div class=\"row\">\n                <div class=\"c-columns__column col-lg-6\">\n                    <h3>3. Development opportunities<\/h3>\n<p>There are great opportunities for developing your skills and advancing in this industry! There is a digital training platform offered by <em>K\u00f6tt &amp; Charkakademin <\/em>that employees can use to gain new skills and prepare for new roles.<\/p>\n\n                <\/div>\n                <div class=\"c-columns__column col-lg-6\">\n                    <h3>4. Meaningful work<\/h3>\n<p>You\u2019ll get to work with quality food and contribute to sustainable development, each and every day. We need you!<\/p>\n<p>&nbsp;<\/p>\n<p>&nbsp;<\/p>\n<p>&nbsp;<\/p>\n\n                <\/div>\n            <\/div>\n        <\/div>\n    <\/div>\n<\/div>\n\n\n<div class=\"c-image-video-area \">\n\n            <div class=\"c-image-video-area__image-wrapper\">\n            <img loading=\"lazy\" decoding=\"async\" width=\"2400\" height=\"1600\" src=\"https:\/\/www.kcf.se\/app\/uploads\/sites\/2\/2023\/06\/skull-kat-M7fi58_dF5k-unsplash-1.jpg\" class=\"attachment-full size-full\" alt=\"\" srcset=\"https:\/\/www.kcf.se\/app\/uploads\/sites\/2\/2023\/06\/skull-kat-M7fi58_dF5k-unsplash-1.jpg 2400w, https:\/\/www.kcf.se\/app\/uploads\/sites\/2\/2023\/06\/skull-kat-M7fi58_dF5k-unsplash-1-300x200.jpg 300w, https:\/\/www.kcf.se\/app\/uploads\/sites\/2\/2023\/06\/skull-kat-M7fi58_dF5k-unsplash-1-1024x683.jpg 1024w, https:\/\/www.kcf.se\/app\/uploads\/sites\/2\/2023\/06\/skull-kat-M7fi58_dF5k-unsplash-1-768x512.jpg 768w, https:\/\/www.kcf.se\/app\/uploads\/sites\/2\/2023\/06\/skull-kat-M7fi58_dF5k-unsplash-1-1536x1024.jpg 1536w, https:\/\/www.kcf.se\/app\/uploads\/sites\/2\/2023\/06\/skull-kat-M7fi58_dF5k-unsplash-1-2048x1365.jpg 2048w\" sizes=\"auto, (max-width: 2400px) 100vw, 2400px\" \/>\n        <\/div>\n    \n    \n<\/div>\n\n\n<div class=\"block-core-heading container\"><div class=\"row justify-content-md-center\"><div class=\"col-12 col-md-8\">\n<h2 class=\"wp-block-heading has-text-align-center\">About the industry<\/h2>\n<\/div><\/div><\/div>\n\n<div class=\"block-core-paragraph container\"><div class=\"row justify-content-md-center\"><div class=\"col-12 col-md-8\">\n<p class=\"has-text-align-center\">Members of the Swedish Meat Industry Association are helping spread the joy of food throughout the country, from the very north to the southernmost tip of Sweden. The combined annual sales for companies in our industry is nearly SEK 30 billion, and we employ around 10,000 people. It consists of both large corporations and smaller, family-owned companies. You can work with slaughtering, meat cutting or charcuterie, which involves making such things as sausages, burgers and ready-to-eat food. The mission of this industry is to supply consumers with tasty, nutritious food. It is an important industry for Sweden that offers meaningful work to its employees.<\/p>\n<\/div><\/div><\/div>\n\n<div class=\"c-buttons\" style=\"background-color: unset\">\n    <div class=\"container\">\n        <div class=\"row justify-content-md-center\">\n            <div class=\"button-container col-12 col-md-8\">\n                                                                                        <a href=\"https:\/\/www.kcf.se\/jobb\/har-finns-jobben\/?lang=en\" target=\"\"\n                                class=\"theme-btn\">Where the jobs are<\/a>\n                                                                                                <a href=\"https:\/\/www.kcf.se\/jobb\/kollegorna\/?lang=en\" target=\"\"\n                                class=\"theme-btn\">Meet our colleagues<\/a>\n                                                                        <\/div>\n        <\/div>\n    <\/div>\n<\/div>\n","protected":false},"excerpt":{"rendered":"<p>4 reasons to work for us About the industry Members of the Swedish Meat Industry Association are helping spread the joy of food throughout the country, from the very north to the southernmost tip of Sweden. The combined annual sales for companies in our industry is nearly SEK 30 billion, and we employ around 10,000 &hellip; <a href=\"https:\/\/www.kcf.se\/jobb\/vagen-till-jobb\/?lang=en\">Continued<\/a><\/p>\n","protected":false},"author":8,"featured_media":0,"parent":0,"menu_order":0,"comment_status":"closed","ping_status":"closed","template":"","meta":{"_acf_changed":false,"inline_featured_image":false,"footnotes":""},"class_list":["post-588","page","type-page","status-publish","hentry"],"acf":[],"yoast_head":"<!-- This site is optimized with the Yoast SEO plugin v24.1 - https:\/\/yoast.com\/wordpress\/plugins\/seo\/ -->\n<title>The path to employment - KCF - Jobba i v\u00e5r branch<\/title>\n<meta name=\"description\" content=\"You apply to a company that then trains you \u2013 if you work well together, they will offer you a job. No previous industry experience is needed.\" \/>\n<meta name=\"robots\" content=\"index, follow, max-snippet:-1, max-image-preview:large, max-video-preview:-1\" \/>\n<link rel=\"canonical\" href=\"https:\/\/kcf.se\/jobb\/vagen-till-jobb\/?lang=en\" \/>\n<meta property=\"og:locale\" content=\"sv_SE\" \/>\n<meta property=\"og:type\" content=\"article\" \/>\n<meta property=\"og:title\" content=\"The path to employment - KCF - Jobba i v\u00e5r branch\" \/>\n<meta property=\"og:description\" content=\"You apply to a company that then trains you \u2013 if you work well together, they will offer you a job. No previous industry experience is needed.\" \/>\n<meta property=\"og:url\" content=\"https:\/\/kcf.se\/jobb\/vagen-till-jobb\/?lang=en\" \/>\n<meta property=\"og:site_name\" content=\"KCF - Jobba i v\u00e5r branch\" \/>\n<meta property=\"article:modified_time\" content=\"2023-11-07T13:52:46+00:00\" \/>\n<meta name=\"twitter:card\" content=\"summary_large_image\" \/>\n<meta name=\"twitter:label1\" content=\"Ber\u00e4knad l\u00e4stid\" \/>\n\t<meta name=\"twitter:data1\" content=\"1 minut\" \/>\n<script type=\"application\/ld+json\" class=\"yoast-schema-graph\">{\"@context\":\"https:\/\/schema.org\",\"@graph\":[{\"@type\":\"WebPage\",\"@id\":\"https:\/\/kcf.se\/jobb\/vagen-till-jobb\/?lang=en\",\"url\":\"https:\/\/kcf.se\/jobb\/vagen-till-jobb\/?lang=en\",\"name\":\"The path to employment - KCF - Jobba i v\u00e5r branch\",\"isPartOf\":{\"@id\":\"https:\/\/kcf.se\/jobb\/#website\"},\"datePublished\":\"2023-06-02T18:47:37+00:00\",\"dateModified\":\"2023-11-07T13:52:46+00:00\",\"description\":\"You apply to a company that then trains you \u2013 if you work well together, they will offer you a job. No previous industry experience is needed.\",\"breadcrumb\":{\"@id\":\"https:\/\/kcf.se\/jobb\/vagen-till-jobb\/?lang=en#breadcrumb\"},\"inLanguage\":\"sv-SE\",\"potentialAction\":[{\"@type\":\"ReadAction\",\"target\":[\"https:\/\/kcf.se\/jobb\/vagen-till-jobb\/?lang=en\"]}]},{\"@type\":\"BreadcrumbList\",\"@id\":\"https:\/\/kcf.se\/jobb\/vagen-till-jobb\/?lang=en#breadcrumb\",\"itemListElement\":[{\"@type\":\"ListItem\",\"position\":1,\"name\":\"Hem\",\"item\":\"https:\/\/kcf.se\/jobb\/\"},{\"@type\":\"ListItem\",\"position\":2,\"name\":\"The path to employment\"}]},{\"@type\":\"WebSite\",\"@id\":\"https:\/\/kcf.se\/jobb\/#website\",\"url\":\"https:\/\/kcf.se\/jobb\/\",\"name\":\"KCF - Jobba i v\u00e5r branch\",\"description\":\"\",\"potentialAction\":[{\"@type\":\"SearchAction\",\"target\":{\"@type\":\"EntryPoint\",\"urlTemplate\":\"https:\/\/kcf.se\/jobb\/?s={search_term_string}\"},\"query-input\":{\"@type\":\"PropertyValueSpecification\",\"valueRequired\":true,\"valueName\":\"search_term_string\"}}],\"inLanguage\":\"sv-SE\"}]}<\/script>\n<!-- \/ Yoast SEO plugin. -->","yoast_head_json":{"title":"The path to employment - KCF - Jobba i v\u00e5r branch","description":"You apply to a company that then trains you \u2013 if you work well together, they will offer you a job. No previous industry experience is needed.","robots":{"index":"index","follow":"follow","max-snippet":"max-snippet:-1","max-image-preview":"max-image-preview:large","max-video-preview":"max-video-preview:-1"},"canonical":"https:\/\/kcf.se\/jobb\/vagen-till-jobb\/?lang=en","og_locale":"sv_SE","og_type":"article","og_title":"The path to employment - KCF - Jobba i v\u00e5r branch","og_description":"You apply to a company that then trains you \u2013 if you work well together, they will offer you a job. No previous industry experience is needed.","og_url":"https:\/\/kcf.se\/jobb\/vagen-till-jobb\/?lang=en","og_site_name":"KCF - Jobba i v\u00e5r branch","article_modified_time":"2023-11-07T13:52:46+00:00","twitter_card":"summary_large_image","twitter_misc":{"Ber\u00e4knad l\u00e4stid":"1 minut"},"schema":{"@context":"https:\/\/schema.org","@graph":[{"@type":"WebPage","@id":"https:\/\/kcf.se\/jobb\/vagen-till-jobb\/?lang=en","url":"https:\/\/kcf.se\/jobb\/vagen-till-jobb\/?lang=en","name":"The path to employment - KCF - Jobba i v\u00e5r branch","isPartOf":{"@id":"https:\/\/kcf.se\/jobb\/#website"},"datePublished":"2023-06-02T18:47:37+00:00","dateModified":"2023-11-07T13:52:46+00:00","description":"You apply to a company that then trains you \u2013 if you work well together, they will offer you a job. No previous industry experience is needed.","breadcrumb":{"@id":"https:\/\/kcf.se\/jobb\/vagen-till-jobb\/?lang=en#breadcrumb"},"inLanguage":"sv-SE","potentialAction":[{"@type":"ReadAction","target":["https:\/\/kcf.se\/jobb\/vagen-till-jobb\/?lang=en"]}]},{"@type":"BreadcrumbList","@id":"https:\/\/kcf.se\/jobb\/vagen-till-jobb\/?lang=en#breadcrumb","itemListElement":[{"@type":"ListItem","position":1,"name":"Hem","item":"https:\/\/kcf.se\/jobb\/"},{"@type":"ListItem","position":2,"name":"The path to employment"}]},{"@type":"WebSite","@id":"https:\/\/kcf.se\/jobb\/#website","url":"https:\/\/kcf.se\/jobb\/","name":"KCF - Jobba i v\u00e5r branch","description":"","potentialAction":[{"@type":"SearchAction","target":{"@type":"EntryPoint","urlTemplate":"https:\/\/kcf.se\/jobb\/?s={search_term_string}"},"query-input":{"@type":"PropertyValueSpecification","valueRequired":true,"valueName":"search_term_string"}}],"inLanguage":"sv-SE"}]}},"_links":{"self":[{"href":"https:\/\/www.kcf.se\/jobb\/wp-json\/wp\/v2\/pages\/588","targetHints":{"allow":["GET"]}}],"collection":[{"href":"https:\/\/www.kcf.se\/jobb\/wp-json\/wp\/v2\/pages"}],"about":[{"href":"https:\/\/www.kcf.se\/jobb\/wp-json\/wp\/v2\/types\/page"}],"author":[{"embeddable":true,"href":"https:\/\/www.kcf.se\/jobb\/wp-json\/wp\/v2\/users\/8"}],"replies":[{"embeddable":true,"href":"https:\/\/www.kcf.se\/jobb\/wp-json\/wp\/v2\/comments?post=588"}],"version-history":[{"count":25,"href":"https:\/\/www.kcf.se\/jobb\/wp-json\/wp\/v2\/pages\/588\/revisions"}],"predecessor-version":[{"id":1071,"href":"https:\/\/www.kcf.se\/jobb\/wp-json\/wp\/v2\/pages\/588\/revisions\/1071"}],"wp:attachment":[{"href":"https:\/\/www.kcf.se\/jobb\/wp-json\/wp\/v2\/media?parent=588"}],"curies":[{"name":"wp","href":"https:\/\/api.w.org\/{rel}","templated":true}]}}